{"id":163,"date":"2024-09-02T12:25:13","date_gmt":"2024-09-02T10:25:13","guid":{"rendered":"https:\/\/huescaturismoagro.com\/?page_id=163"},"modified":"2024-12-18T13:14:56","modified_gmt":"2024-12-18T12:14:56","slug":"bodegas-sers","status":"publish","type":"page","link":"https:\/\/huescaturismoagro.com\/index.php\/bodegas-sers\/","title":{"rendered":"Bodegas Sers"},"content":{"rendered":"\n<p>En Bodegas Sers trabajamos exclusivamente con vi\u00f1edo propio, en una sola finca conocida como La Morera. En ella cultivamos nosotros mismos 6 tipos de variedades de uva, algunas aut\u00f3ctonas y desconocidas, otras mundialmente extendidas. Chardonnay, Merlot, Syrah, Parraleta, Cabernet, y Moristel, cada cual con procesos espec\u00edficos y adaptados a sus caracter\u00edsticas. Podas, tratamientos, vendimias, manejo del suelo. Variedades a las que pretendemos extraer todo su potencial, pero siempre imprimi\u00e9ndoles el car\u00e1cter del territorio en el que estamos y nuestra filosof\u00eda de trabajo, calidad y respeto medioambiental<\/p>\n\n\n\n<p>Elaboramos 6 vinos originales y varios m\u00e1s \u00fanicos. Los vinos originales son un blanco de Chardonnay con una fermentaci\u00f3n en barrica y cinco tintos; El monovarietal de Syrah en el que se potencia al m\u00e1ximo sus caracter\u00edsticas, los monovarietales de Parraleta y Moristel, variedades aut\u00f3ctonas del Somontano altamente diferenciadas y particulares. Diferentes coupages de Cabernet, Merlot y Syrah con tiempos de envejecimiento que abarcan desde los 18 meses hasta los 36.<\/p>\n\n\n\n<figure class=\"wp-block-embed is-type-video is-provider-youtube wp-block-embed-youtube wp-embed-aspect-16-9 wp-has-aspect-ratio\"><div class=\"wp-block-embed__wrapper\">\n<iframe loading=\"lazy\" title=\"SERS\" width=\"500\" height=\"281\" src=\"https:\/\/www.youtube.com\/embed\/uN-vT3bbNk4?start=11&#038;feature=oembed\" frameborder=\"0\" allow=\"accelerometer; autoplay; clipboard-write; encrypted-media; gyroscope; picture-in-picture; web-share\" referrerpolicy=\"strict-origin-when-cross-origin\" allowfullscreen><\/iframe>\n<\/div><\/figure>\n\n\n\n<p>Bodegas Sers es un proyecto muy especial, la bodega m\u00e1s peque\u00f1a de la Ruta del Vino Somontano. Con tan solo 12 hect\u00e1reas de vi\u00f1edo propio, respeto y pasi\u00f3n por la tierra y mucha dedicaci\u00f3n y cari\u00f1o, elaboran 6 vinos diferentes.<\/p>\n\n\n\n<p>6 vinos que no te dejar\u00e1n indiferente, se trata de producciones limitadas elaborados con uvas vendimiadas a mano\u2026 No te contamos m\u00e1s, tienes que conocerla<strong>.<\/strong><\/p>\n\n\n\n<p class=\"has-contrast-color has-text-color has-link-color wp-elements-ac2752116910af6a9b82319977ecfefd\">Te presentamos algunas de las propuestas de Enoturismo de esta Bodega para que reserves una de ellas:&nbsp;<\/p>\n\n\n\n<p class=\"has-custom-color-1-color has-text-color has-link-color has-large-font-size wp-elements-2282c3acdfa4853948e5e4b45046237d\"><strong>Visitas a bodega<\/strong><\/p>\n\n\n\n<div class=\"wp-block-media-text is-stacked-on-mobile\" style=\"grid-template-columns:44% auto\"><figure class=\"wp-block-media-text__media\"><img loading=\"lazy\" decoding=\"async\" width=\"1024\" height=\"684\" src=\"https:\/\/huescaturismoagro.com\/wp-content\/uploads\/2024\/09\/Sers_032-2-1024x684.jpg\" alt=\"\" class=\"wp-image-185 size-full\" srcset=\"https:\/\/huescaturismoagro.com\/wp-content\/uploads\/2024\/09\/Sers_032-2-1024x684.jpg 1024w, https:\/\/huescaturismoagro.com\/wp-content\/uploads\/2024\/09\/Sers_032-2-300x200.jpg 300w, https:\/\/huescaturismoagro.com\/wp-content\/uploads\/2024\/09\/Sers_032-2-768x513.jpg 768w, https:\/\/huescaturismoagro.com\/wp-content\/uploads\/2024\/09\/Sers_032-2-1536x1025.jpg 1536w, https:\/\/huescaturismoagro.com\/wp-content\/uploads\/2024\/09\/Sers_032-2-2048x1367.jpg 2048w\" sizes=\"(max-width: 1024px) 100vw, 1024px\" \/><\/figure><div class=\"wp-block-media-text__content\">\n<p><strong>Acompa\u00f1ado por uno de los propietarios con cata de 3 vinos y juego de aromas.<\/strong><\/p>\n<\/div><\/div>\n\n\n\n<div class=\"wp-block-columns is-layout-flex wp-container-core-columns-is-layout-1 wp-block-columns-is-layout-flex\">\n<div class=\"wp-block-column is-layout-flow wp-block-column-is-layout-flow\">\n<p><strong>Duraci\u00f3n estimada<\/strong>:  <em>60 minutos.  <\/em><\/p>\n\n\n\n<p><strong>Precio de la actividad:<\/strong> <em>10\u20ac<\/em>\/<em>persona IVA incluido.<\/em><\/p>\n<\/div>\n<\/div>\n\n\n\n<p class=\"has-custom-color-1-color has-text-color has-link-color has-large-font-size wp-elements-088b3b663eeade2fc818f33294b68dd4\"><strong><strong>Visitas a bodega con cata de todos los vinos de la bodega.<\/strong><\/strong><\/p>\n\n\n\n<div class=\"wp-block-media-text is-stacked-on-mobile\" style=\"grid-template-columns:44% auto\"><figure class=\"wp-block-media-text__media\"><img loading=\"lazy\" decoding=\"async\" width=\"1024\" height=\"684\" src=\"https:\/\/huescaturismoagro.com\/wp-content\/uploads\/2024\/09\/Sers_017-2-1024x684.jpg\" alt=\"\" class=\"wp-image-186 size-full\" srcset=\"https:\/\/huescaturismoagro.com\/wp-content\/uploads\/2024\/09\/Sers_017-2-1024x684.jpg 1024w, https:\/\/huescaturismoagro.com\/wp-content\/uploads\/2024\/09\/Sers_017-2-300x200.jpg 300w, https:\/\/huescaturismoagro.com\/wp-content\/uploads\/2024\/09\/Sers_017-2-768x513.jpg 768w, https:\/\/huescaturismoagro.com\/wp-content\/uploads\/2024\/09\/Sers_017-2-1536x1025.jpg 1536w, https:\/\/huescaturismoagro.com\/wp-content\/uploads\/2024\/09\/Sers_017-2-2048x1367.jpg 2048w\" sizes=\"(max-width: 1024px) 100vw, 1024px\" \/><\/figure><div class=\"wp-block-media-text__content\">\n<p><strong>Cata de todos los vinos elaborados por la bodega (6 vinos en total) y juego de aromas.<\/strong><\/p>\n<\/div><\/div>\n\n\n\n<div class=\"wp-block-columns is-layout-flex wp-container-core-columns-is-layout-2 wp-block-columns-is-layout-flex\">\n<div class=\"wp-block-column is-layout-flow wp-block-column-is-layout-flow\">\n<p><strong>Duraci\u00f3n estimada<\/strong>: <em>90 minutos <\/em><\/p>\n\n\n\n<p><strong>Precio de la actividad:<\/strong> <em>15\u20ac\/persona IVA incluido  <\/em> <em>M\u00ednimo de 4 personas<\/em><\/p>\n\n\n\n<p class=\"has-custom-color-1-color has-text-color has-link-color has-large-font-size wp-elements-5449b8f914dac5f437577b53c70fed76\"><strong>Visitas con cata y degustaci\u00f3n de productos artesanos de Huesca.<\/strong><\/p>\n\n\n\n<div class=\"wp-block-media-text is-stacked-on-mobile\" style=\"grid-template-columns:44% auto\"><figure class=\"wp-block-media-text__media\"><img loading=\"lazy\" decoding=\"async\" width=\"200\" height=\"200\" src=\"https:\/\/huescaturismoagro.com\/wp-content\/uploads\/2024\/09\/13522028_1622584388058433_4974779136541985613_n-2.jpg\" alt=\"\" class=\"wp-image-191 size-full\" srcset=\"https:\/\/huescaturismoagro.com\/wp-content\/uploads\/2024\/09\/13522028_1622584388058433_4974779136541985613_n-2.jpg 200w, https:\/\/huescaturismoagro.com\/wp-content\/uploads\/2024\/09\/13522028_1622584388058433_4974779136541985613_n-2-150x150.jpg 150w\" sizes=\"(max-width: 200px) 100vw, 200px\" \/><\/figure><div class=\"wp-block-media-text__content\">\n<p><strong>Cata de 4 vinos, degustaci\u00f3n de embutidos, quesos y aceites de la zona.<\/strong><\/p>\n<\/div><\/div>\n\n\n\n<p><strong>Duraci\u00f3n estimada<\/strong>: <em>90 minutos    <\/em><\/p>\n\n\n\n<p><strong>Precio de la actividad:<\/strong> <em>20\u20ac\/persona IVA incluido <\/em><\/p>\n\n\n\n<p><em>Menores de 3 a 18 a\u00f1os 5,00\u20ac<\/em><\/p>\n<\/div>\n<\/div>\n\n\n\n<figure class=\"wp-block-gallery has-nested-images columns-default is-cropped wp-block-gallery-1 is-layout-flex wp-block-gallery-is-layout-flex\">\n<figure data-wp-context=\"{&quot;uploadedSrc&quot;:&quot;https:\\\/\\\/huescaturismoagro.com\\\/wp-content\\\/uploads\\\/2024\\\/09\\\/IMG_20200427_144032_048-3-scaled.jpg&quot;,&quot;figureClassNames&quot;:&quot;wp-block-image size-large has-custom-border&quot;,&quot;figureStyles&quot;:null,&quot;imgClassNames&quot;:&quot;wp-image-195&quot;,&quot;imgStyles&quot;:&quot;border-radius:12px&quot;,&quot;targetWidth&quot;:2560,&quot;targetHeight&quot;:2560,&quot;scaleAttr&quot;:false,&quot;ariaLabel&quot;:&quot;Ampliar la imagen&quot;,&quot;alt&quot;:&quot;&quot;}\" data-wp-interactive=\"core\/image\" class=\"wp-block-image size-large has-custom-border wp-lightbox-container\"><img loading=\"lazy\" decoding=\"async\" width=\"1024\" height=\"1024\" data-wp-init=\"callbacks.setButtonStyles\" data-wp-on--click=\"actions.showLightbox\" data-wp-on--load=\"callbacks.setButtonStyles\" data-wp-on-window--resize=\"callbacks.setButtonStyles\" data-id=\"195\" src=\"https:\/\/huescaturismoagro.com\/wp-content\/uploads\/2024\/09\/IMG_20200427_144032_048-3-1024x1024.jpg\" alt=\"\" class=\"wp-image-195\" style=\"border-radius:12px\" srcset=\"https:\/\/huescaturismoagro.com\/wp-content\/uploads\/2024\/09\/IMG_20200427_144032_048-3-1024x1024.jpg 1024w, https:\/\/huescaturismoagro.com\/wp-content\/uploads\/2024\/09\/IMG_20200427_144032_048-3-300x300.jpg 300w, https:\/\/huescaturismoagro.com\/wp-content\/uploads\/2024\/09\/IMG_20200427_144032_048-3-150x150.jpg 150w, https:\/\/huescaturismoagro.com\/wp-content\/uploads\/2024\/09\/IMG_20200427_144032_048-3-768x768.jpg 768w, https:\/\/huescaturismoagro.com\/wp-content\/uploads\/2024\/09\/IMG_20200427_144032_048-3-1536x1536.jpg 1536w, https:\/\/huescaturismoagro.com\/wp-content\/uploads\/2024\/09\/IMG_20200427_144032_048-3-2048x2048.jpg 2048w\" sizes=\"(max-width: 1024px) 100vw, 1024px\" \/><button\n\t\t\tclass=\"lightbox-trigger\"\n\t\t\ttype=\"button\"\n\t\t\taria-haspopup=\"dialog\"\n\t\t\taria-label=\"Ampliar la imagen\"\n\t\t\tdata-wp-init=\"callbacks.initTriggerButton\"\n\t\t\tdata-wp-on--click=\"actions.showLightbox\"\n\t\t\tdata-wp-style--right=\"context.imageButtonRight\"\n\t\t\tdata-wp-style--top=\"context.imageButtonTop\"\n\t\t>\n\t\t\t<svg xmlns=\"http:\/\/www.w3.org\/2000\/svg\" width=\"12\" height=\"12\" fill=\"none\" viewBox=\"0 0 12 12\">\n\t\t\t\t<path fill=\"#fff\" d=\"M2 0a2 2 0 0 0-2 2v2h1.5V2a.5.5 0 0 1 .5-.5h2V0H2Zm2 10.5H2a.5.5 0 0 1-.5-.5V8H0v2a2 2 0 0 0 2 2h2v-1.5ZM8 12v-1.5h2a.5.5 0 0 0 .5-.5V8H12v2a2 2 0 0 1-2 2H8Zm2-12a2 2 0 0 1 2 2v2h-1.5V2a.5.5 0 0 0-.5-.5H8V0h2Z\" \/>\n\t\t\t<\/svg>\n\t\t<\/button><\/figure>\n\n\n\n<figure data-wp-context=\"{&quot;uploadedSrc&quot;:&quot;https:\\\/\\\/huescaturismoagro.com\\\/wp-content\\\/uploads\\\/2024\\\/09\\\/Pablo_Bodegas_Sers-2-scaled.jpg&quot;,&quot;figureClassNames&quot;:&quot;wp-block-image size-large has-custom-border&quot;,&quot;figureStyles&quot;:null,&quot;imgClassNames&quot;:&quot;wp-image-196&quot;,&quot;imgStyles&quot;:&quot;border-radius:12px&quot;,&quot;targetWidth&quot;:2560,&quot;targetHeight&quot;:1707,&quot;scaleAttr&quot;:false,&quot;ariaLabel&quot;:&quot;Ampliar la imagen&quot;,&quot;alt&quot;:&quot;&quot;}\" data-wp-interactive=\"core\/image\" class=\"wp-block-image size-large has-custom-border wp-lightbox-container\"><img loading=\"lazy\" decoding=\"async\" width=\"1024\" height=\"683\" data-wp-init=\"callbacks.setButtonStyles\" data-wp-on--click=\"actions.showLightbox\" data-wp-on--load=\"callbacks.setButtonStyles\" data-wp-on-window--resize=\"callbacks.setButtonStyles\" data-id=\"196\" src=\"https:\/\/huescaturismoagro.com\/wp-content\/uploads\/2024\/09\/Pablo_Bodegas_Sers-2-1024x683.jpg\" alt=\"\" class=\"wp-image-196\" style=\"border-radius:12px\" srcset=\"https:\/\/huescaturismoagro.com\/wp-content\/uploads\/2024\/09\/Pablo_Bodegas_Sers-2-1024x683.jpg 1024w, https:\/\/huescaturismoagro.com\/wp-content\/uploads\/2024\/09\/Pablo_Bodegas_Sers-2-300x200.jpg 300w, https:\/\/huescaturismoagro.com\/wp-content\/uploads\/2024\/09\/Pablo_Bodegas_Sers-2-768x512.jpg 768w, https:\/\/huescaturismoagro.com\/wp-content\/uploads\/2024\/09\/Pablo_Bodegas_Sers-2-1536x1024.jpg 1536w, https:\/\/huescaturismoagro.com\/wp-content\/uploads\/2024\/09\/Pablo_Bodegas_Sers-2-2048x1365.jpg 2048w\" sizes=\"(max-width: 1024px) 100vw, 1024px\" \/><button\n\t\t\tclass=\"lightbox-trigger\"\n\t\t\ttype=\"button\"\n\t\t\taria-haspopup=\"dialog\"\n\t\t\taria-label=\"Ampliar la imagen\"\n\t\t\tdata-wp-init=\"callbacks.initTriggerButton\"\n\t\t\tdata-wp-on--click=\"actions.showLightbox\"\n\t\t\tdata-wp-style--right=\"context.imageButtonRight\"\n\t\t\tdata-wp-style--top=\"context.imageButtonTop\"\n\t\t>\n\t\t\t<svg xmlns=\"http:\/\/www.w3.org\/2000\/svg\" width=\"12\" height=\"12\" fill=\"none\" viewBox=\"0 0 12 12\">\n\t\t\t\t<path fill=\"#fff\" d=\"M2 0a2 2 0 0 0-2 2v2h1.5V2a.5.5 0 0 1 .5-.5h2V0H2Zm2 10.5H2a.5.5 0 0 1-.5-.5V8H0v2a2 2 0 0 0 2 2h2v-1.5ZM8 12v-1.5h2a.5.5 0 0 0 .5-.5V8H12v2a2 2 0 0 1-2 2H8Zm2-12a2 2 0 0 1 2 2v2h-1.5V2a.5.5 0 0 0-.5-.5H8V0h2Z\" \/>\n\t\t\t<\/svg>\n\t\t<\/button><\/figure>\n\n\n\n<figure data-wp-context=\"{&quot;uploadedSrc&quot;:&quot;https:\\\/\\\/huescaturismoagro.com\\\/wp-content\\\/uploads\\\/2024\\\/09\\\/IMG_20201021_153433_019-3.jpg&quot;,&quot;figureClassNames&quot;:&quot;wp-block-image size-large has-custom-border&quot;,&quot;figureStyles&quot;:null,&quot;imgClassNames&quot;:&quot;wp-image-192&quot;,&quot;imgStyles&quot;:&quot;border-radius:12px&quot;,&quot;targetWidth&quot;:810,&quot;targetHeight&quot;:810,&quot;scaleAttr&quot;:false,&quot;ariaLabel&quot;:&quot;Ampliar la imagen&quot;,&quot;alt&quot;:&quot;&quot;}\" data-wp-interactive=\"core\/image\" class=\"wp-block-image size-large has-custom-border wp-lightbox-container\"><img loading=\"lazy\" decoding=\"async\" width=\"810\" height=\"810\" data-wp-init=\"callbacks.setButtonStyles\" data-wp-on--click=\"actions.showLightbox\" data-wp-on--load=\"callbacks.setButtonStyles\" data-wp-on-window--resize=\"callbacks.setButtonStyles\" data-id=\"192\" src=\"https:\/\/huescaturismoagro.com\/wp-content\/uploads\/2024\/09\/IMG_20201021_153433_019-3.jpg\" alt=\"\" class=\"wp-image-192\" style=\"border-radius:12px\" srcset=\"https:\/\/huescaturismoagro.com\/wp-content\/uploads\/2024\/09\/IMG_20201021_153433_019-3.jpg 810w, https:\/\/huescaturismoagro.com\/wp-content\/uploads\/2024\/09\/IMG_20201021_153433_019-3-300x300.jpg 300w, https:\/\/huescaturismoagro.com\/wp-content\/uploads\/2024\/09\/IMG_20201021_153433_019-3-150x150.jpg 150w, https:\/\/huescaturismoagro.com\/wp-content\/uploads\/2024\/09\/IMG_20201021_153433_019-3-768x768.jpg 768w\" sizes=\"(max-width: 810px) 100vw, 810px\" \/><button\n\t\t\tclass=\"lightbox-trigger\"\n\t\t\ttype=\"button\"\n\t\t\taria-haspopup=\"dialog\"\n\t\t\taria-label=\"Ampliar la imagen\"\n\t\t\tdata-wp-init=\"callbacks.initTriggerButton\"\n\t\t\tdata-wp-on--click=\"actions.showLightbox\"\n\t\t\tdata-wp-style--right=\"context.imageButtonRight\"\n\t\t\tdata-wp-style--top=\"context.imageButtonTop\"\n\t\t>\n\t\t\t<svg xmlns=\"http:\/\/www.w3.org\/2000\/svg\" width=\"12\" height=\"12\" fill=\"none\" viewBox=\"0 0 12 12\">\n\t\t\t\t<path fill=\"#fff\" d=\"M2 0a2 2 0 0 0-2 2v2h1.5V2a.5.5 0 0 1 .5-.5h2V0H2Zm2 10.5H2a.5.5 0 0 1-.5-.5V8H0v2a2 2 0 0 0 2 2h2v-1.5ZM8 12v-1.5h2a.5.5 0 0 0 .5-.5V8H12v2a2 2 0 0 1-2 2H8Zm2-12a2 2 0 0 1 2 2v2h-1.5V2a.5.5 0 0 0-.5-.5H8V0h2Z\" \/>\n\t\t\t<\/svg>\n\t\t<\/button><\/figure>\n\n\n\n<figure data-wp-context=\"{&quot;uploadedSrc&quot;:&quot;https:\\\/\\\/huescaturismoagro.com\\\/wp-content\\\/uploads\\\/2024\\\/09\\\/Sers_023-2-scaled.jpg&quot;,&quot;figureClassNames&quot;:&quot;wp-block-image size-large has-custom-border&quot;,&quot;figureStyles&quot;:null,&quot;imgClassNames&quot;:&quot;wp-image-198&quot;,&quot;imgStyles&quot;:&quot;border-radius:12px&quot;,&quot;targetWidth&quot;:2560,&quot;targetHeight&quot;:1709,&quot;scaleAttr&quot;:false,&quot;ariaLabel&quot;:&quot;Ampliar la imagen&quot;,&quot;alt&quot;:&quot;&quot;}\" data-wp-interactive=\"core\/image\" class=\"wp-block-image size-large has-custom-border wp-lightbox-container\"><img loading=\"lazy\" decoding=\"async\" width=\"1024\" height=\"684\" data-wp-init=\"callbacks.setButtonStyles\" data-wp-on--click=\"actions.showLightbox\" data-wp-on--load=\"callbacks.setButtonStyles\" data-wp-on-window--resize=\"callbacks.setButtonStyles\" data-id=\"198\" src=\"https:\/\/huescaturismoagro.com\/wp-content\/uploads\/2024\/09\/Sers_023-2-1024x684.jpg\" alt=\"\" class=\"wp-image-198\" style=\"border-radius:12px\" srcset=\"https:\/\/huescaturismoagro.com\/wp-content\/uploads\/2024\/09\/Sers_023-2-1024x684.jpg 1024w, https:\/\/huescaturismoagro.com\/wp-content\/uploads\/2024\/09\/Sers_023-2-300x200.jpg 300w, https:\/\/huescaturismoagro.com\/wp-content\/uploads\/2024\/09\/Sers_023-2-768x513.jpg 768w, https:\/\/huescaturismoagro.com\/wp-content\/uploads\/2024\/09\/Sers_023-2-1536x1025.jpg 1536w, https:\/\/huescaturismoagro.com\/wp-content\/uploads\/2024\/09\/Sers_023-2-2048x1367.jpg 2048w\" sizes=\"(max-width: 1024px) 100vw, 1024px\" \/><button\n\t\t\tclass=\"lightbox-trigger\"\n\t\t\ttype=\"button\"\n\t\t\taria-haspopup=\"dialog\"\n\t\t\taria-label=\"Ampliar la imagen\"\n\t\t\tdata-wp-init=\"callbacks.initTriggerButton\"\n\t\t\tdata-wp-on--click=\"actions.showLightbox\"\n\t\t\tdata-wp-style--right=\"context.imageButtonRight\"\n\t\t\tdata-wp-style--top=\"context.imageButtonTop\"\n\t\t>\n\t\t\t<svg xmlns=\"http:\/\/www.w3.org\/2000\/svg\" width=\"12\" height=\"12\" fill=\"none\" viewBox=\"0 0 12 12\">\n\t\t\t\t<path fill=\"#fff\" d=\"M2 0a2 2 0 0 0-2 2v2h1.5V2a.5.5 0 0 1 .5-.5h2V0H2Zm2 10.5H2a.5.5 0 0 1-.5-.5V8H0v2a2 2 0 0 0 2 2h2v-1.5ZM8 12v-1.5h2a.5.5 0 0 0 .5-.5V8H12v2a2 2 0 0 1-2 2H8Zm2-12a2 2 0 0 1 2 2v2h-1.5V2a.5.5 0 0 0-.5-.5H8V0h2Z\" \/>\n\t\t\t<\/svg>\n\t\t<\/button><\/figure>\n\n\n\n<figure data-wp-context=\"{&quot;uploadedSrc&quot;:&quot;https:\\\/\\\/huescaturismoagro.com\\\/wp-content\\\/uploads\\\/2024\\\/09\\\/Sers_029-2-scaled.jpg&quot;,&quot;figureClassNames&quot;:&quot;wp-block-image size-large has-custom-border&quot;,&quot;figureStyles&quot;:null,&quot;imgClassNames&quot;:&quot;wp-image-197&quot;,&quot;imgStyles&quot;:&quot;border-radius:12px&quot;,&quot;targetWidth&quot;:2560,&quot;targetHeight&quot;:1709,&quot;scaleAttr&quot;:false,&quot;ariaLabel&quot;:&quot;Ampliar la imagen&quot;,&quot;alt&quot;:&quot;&quot;}\" data-wp-interactive=\"core\/image\" class=\"wp-block-image size-large has-custom-border wp-lightbox-container\"><img loading=\"lazy\" decoding=\"async\" width=\"1024\" height=\"684\" data-wp-init=\"callbacks.setButtonStyles\" data-wp-on--click=\"actions.showLightbox\" data-wp-on--load=\"callbacks.setButtonStyles\" data-wp-on-window--resize=\"callbacks.setButtonStyles\" data-id=\"197\" src=\"https:\/\/huescaturismoagro.com\/wp-content\/uploads\/2024\/09\/Sers_029-2-1024x684.jpg\" alt=\"\" class=\"wp-image-197\" style=\"border-radius:12px\" srcset=\"https:\/\/huescaturismoagro.com\/wp-content\/uploads\/2024\/09\/Sers_029-2-1024x684.jpg 1024w, https:\/\/huescaturismoagro.com\/wp-content\/uploads\/2024\/09\/Sers_029-2-300x200.jpg 300w, https:\/\/huescaturismoagro.com\/wp-content\/uploads\/2024\/09\/Sers_029-2-768x513.jpg 768w, https:\/\/huescaturismoagro.com\/wp-content\/uploads\/2024\/09\/Sers_029-2-1536x1025.jpg 1536w, https:\/\/huescaturismoagro.com\/wp-content\/uploads\/2024\/09\/Sers_029-2-2048x1367.jpg 2048w\" sizes=\"(max-width: 1024px) 100vw, 1024px\" \/><button\n\t\t\tclass=\"lightbox-trigger\"\n\t\t\ttype=\"button\"\n\t\t\taria-haspopup=\"dialog\"\n\t\t\taria-label=\"Ampliar la imagen\"\n\t\t\tdata-wp-init=\"callbacks.initTriggerButton\"\n\t\t\tdata-wp-on--click=\"actions.showLightbox\"\n\t\t\tdata-wp-style--right=\"context.imageButtonRight\"\n\t\t\tdata-wp-style--top=\"context.imageButtonTop\"\n\t\t>\n\t\t\t<svg xmlns=\"http:\/\/www.w3.org\/2000\/svg\" width=\"12\" height=\"12\" fill=\"none\" viewBox=\"0 0 12 12\">\n\t\t\t\t<path fill=\"#fff\" d=\"M2 0a2 2 0 0 0-2 2v2h1.5V2a.5.5 0 0 1 .5-.5h2V0H2Zm2 10.5H2a.5.5 0 0 1-.5-.5V8H0v2a2 2 0 0 0 2 2h2v-1.5ZM8 12v-1.5h2a.5.5 0 0 0 .5-.5V8H12v2a2 2 0 0 1-2 2H8Zm2-12a2 2 0 0 1 2 2v2h-1.5V2a.5.5 0 0 0-.5-.5H8V0h2Z\" \/>\n\t\t\t<\/svg>\n\t\t<\/button><\/figure>\n<\/figure>\n\n\n\n<details class=\"wp-block-details is-style-default has-base-2-background-color has-background is-layout-flow wp-container-core-details-is-layout-1 wp-block-details-is-layout-flow\"><summary>SOBRE NOSOSTROS<\/summary>\n<p>Bodega Sers se encuentra situada en la localidad de Cofita en la ribera del r\u00edo Cinca que desciende desde los valles Pirenaicos. Dentro de la D.O.P Somontano (Huesca, Arag\u00f3n, Espa\u00f1a).<\/p>\n\n\n\n<p>Un territorio marcado por fr\u00edos inviernos y veranos con fuertes oscilaciones t\u00e9rmicas. Con suelos franco-arenosos y calizos. Un conjunto de caracter\u00edsticas que hacen a esta tierra ideal para el cultivo de la vid.<\/p>\n\n\n\n<p>Sers significa cierzo, un viento fr\u00edo y seco procedente del Noroeste, que rige de forma determinante la vida de nuestras cepas, crea un ambiente extremadamente sano a nivel de microbiol\u00f3gico y competitivo al provocar el crecimiento profundo de las ra\u00edces de las plantas en busca de la humedad. En este sentido, nuestra imagen es la rosa de los vientos con la direcci\u00f3n Noroeste predominante sobre el resto.<\/p>\n\n\n\n<p>Comenzamos nuestra actividad como artesanos del vino en 2006 y somos viticultores desde hace varias generaciones.<\/p>\n\n\n\n<p>Nuestra filosof\u00eda podr\u00eda definirse en las siguientes l\u00edneas:<br>Solo 12 hect\u00e1reas de vi\u00f1edo propio.&nbsp;<\/p>\n\n\n\n<p><em>S<\/em>olo viento, sol, lluvia, fr\u00edo, trabajo y silencio.<\/p>\n\n\n\n<p>Solo con el deseo de compartir la naturaleza en cada gota.<\/p>\n\n\n\n<p><\/p>\n<\/details>\n\n\n\n<details class=\"wp-block-details has-base-2-background-color has-background is-layout-flow wp-block-details-is-layout-flow\"><summary>CONTACTO Y REDES SOCIALES<\/summary>\n<ul>\n<li><strong>Web:<\/strong> <a href=\"http:\/\/www.bodegassers.es\">http:\/\/www.bodegassers.es<\/a><\/li>\n\n\n\n<li><strong>Tel\u00e9fono:<\/strong> +34 652 979 718 \/ +34 652 979 719(Pablo Canales)<\/li>\n\n\n\n<li><strong>Instagram:<\/strong> @BODEGASSERS<\/li>\n\n\n\n<li><strong>Facebook:<\/strong> <a href=\"https:\/\/www.facebook.com\/BodegasSers\/\">Bodegas Sers | Fonz | Facebook<\/a><\/li>\n<\/ul>\n<\/details>\n\n\n\n<p class=\"has-text-align-center\"><strong><a href=\"https:\/\/huescaturismoagro.com\/wp-content\/uploads\/2024\/12\/Bodega-Sers-1.pdf\">Haz click para descargar el folleto digital<\/a><\/strong><\/p>\n","protected":false},"excerpt":{"rendered":"<p>En Bodegas Sers trabajamos exclusivamente con vi\u00f1edo propio, en una sola finca conocida como La Morera. En ella cultivamos nosotros mismos 6 tipos de variedades de uva, algunas aut\u00f3ctonas y desconocidas, otras mundialmente extendidas. Chardonnay, Merlot, Syrah, Parraleta, Cabernet, y Moristel, cada cual con procesos espec\u00edficos y adaptados a sus caracter\u00edsticas. Podas, tratamientos, vendimias, manejo [&hellip;]<\/p>\n","protected":false},"author":1,"featured_media":0,"parent":0,"menu_order":0,"comment_status":"closed","ping_status":"closed","template":"","meta":{"footnotes":""},"_links":{"self":[{"href":"https:\/\/huescaturismoagro.com\/index.php\/wp-json\/wp\/v2\/pages\/163"}],"collection":[{"href":"https:\/\/huescaturismoagro.com\/index.php\/wp-json\/wp\/v2\/pages"}],"about":[{"href":"https:\/\/huescaturismoagro.com\/index.php\/wp-json\/wp\/v2\/types\/page"}],"author":[{"embeddable":true,"href":"https:\/\/huescaturismoagro.com\/index.php\/wp-json\/wp\/v2\/users\/1"}],"replies":[{"embeddable":true,"href":"https:\/\/huescaturismoagro.com\/index.php\/wp-json\/wp\/v2\/comments?post=163"}],"version-history":[{"count":13,"href":"https:\/\/huescaturismoagro.com\/index.php\/wp-json\/wp\/v2\/pages\/163\/revisions"}],"predecessor-version":[{"id":828,"href":"https:\/\/huescaturismoagro.com\/index.php\/wp-json\/wp\/v2\/pages\/163\/revisions\/828"}],"wp:attachment":[{"href":"https:\/\/huescaturismoagro.com\/index.php\/wp-json\/wp\/v2\/media?parent=163"}],"curies":[{"name":"wp","href":"https:\/\/api.w.org\/{rel}","templated":true}]}}