{"id":2,"date":"2024-08-27T10:55:24","date_gmt":"2024-08-27T08:55:24","guid":{"rendered":"https:\/\/huescaturismoagro.com\/?page_id=2"},"modified":"2024-12-16T18:38:21","modified_gmt":"2024-12-16T17:38:21","slug":"pagina-ejemplo","status":"publish","type":"page","link":"https:\/\/huescaturismoagro.com\/","title":{"rendered":"Experiencias y visitas a productores agroalimentarios           Huesca la Magia"},"content":{"rendered":"\n<p>Saborea la tradici\u00f3n en cada bocado. Nuestra tierra te ofrece una variedad de productos frescos y de calidad, elaborados con pasi\u00f3n y respeto por la tradici\u00f3n. \u00a1Explora nuestras rutas gastron\u00f3micas y vive una experiencia \u00fanica!<\/p>\n\n\n\n<p>Descubre a todos nuestros productores:<\/p>\n\n\n\n<figure class=\"wp-block-gallery has-nested-images columns-default is-cropped wp-block-gallery-1 is-layout-flex wp-block-gallery-is-layout-flex\">\n<figure class=\"wp-block-image size-large has-custom-border is-style-rounded\"><a href=\"https:\/\/huescaturismoagro.com\/index.php\/blacko-truffles\/\"><img loading=\"lazy\" decoding=\"async\" width=\"2560\" height=\"1707\" data-id=\"36\" src=\"https:\/\/huescaturismoagro.com\/wp-content\/uploads\/2024\/08\/D9A241BB-52DF-46C8-A5D2-4906E27C572B-scaled.jpg\" alt=\"\" class=\"wp-image-36\" style=\"border-radius:12px\"\/><\/a><figcaption class=\"wp-element-caption\"><strong>BLACKO TRUFFLES<\/strong><\/figcaption><\/figure>\n\n\n\n<figure class=\"wp-block-image size-full has-custom-border is-style-rounded\"><a href=\"https:\/\/huescaturismoagro.com\/index.php\/bodegas-sers\/\"><img loading=\"lazy\" decoding=\"async\" width=\"2560\" height=\"2560\" data-id=\"208\" src=\"https:\/\/huescaturismoagro.com\/wp-content\/uploads\/2024\/09\/IMG_20200427_144032_048-5-scaled.jpg\" alt=\"BODEGAS SER\" class=\"wp-image-208\" style=\"border-radius:12px\" srcset=\"https:\/\/huescaturismoagro.com\/wp-content\/uploads\/2024\/09\/IMG_20200427_144032_048-5-scaled.jpg 2560w, https:\/\/huescaturismoagro.com\/wp-content\/uploads\/2024\/09\/IMG_20200427_144032_048-5-300x300.jpg 300w, https:\/\/huescaturismoagro.com\/wp-content\/uploads\/2024\/09\/IMG_20200427_144032_048-5-1024x1024.jpg 1024w, https:\/\/huescaturismoagro.com\/wp-content\/uploads\/2024\/09\/IMG_20200427_144032_048-5-150x150.jpg 150w, https:\/\/huescaturismoagro.com\/wp-content\/uploads\/2024\/09\/IMG_20200427_144032_048-5-768x768.jpg 768w, https:\/\/huescaturismoagro.com\/wp-content\/uploads\/2024\/09\/IMG_20200427_144032_048-5-1536x1536.jpg 1536w, https:\/\/huescaturismoagro.com\/wp-content\/uploads\/2024\/09\/IMG_20200427_144032_048-5-2048x2048.jpg 2048w\" sizes=\"(max-width: 2560px) 100vw, 2560px\" \/><\/a><figcaption class=\"wp-element-caption\"><strong>BODEGA SERS<\/strong><\/figcaption><\/figure>\n\n\n\n<figure class=\"wp-block-image size-full has-custom-border is-style-rounded\"><a href=\"https:\/\/huescaturismoagro.com\/index.php\/ternera-del-pirineo\/\"><img loading=\"lazy\" decoding=\"async\" width=\"1707\" height=\"2560\" data-id=\"209\" src=\"https:\/\/huescaturismoagro.com\/wp-content\/uploads\/2024\/09\/DSC06724-scaled.jpg\" alt=\"\" class=\"wp-image-209\" style=\"border-radius:12px\" srcset=\"https:\/\/huescaturismoagro.com\/wp-content\/uploads\/2024\/09\/DSC06724-scaled.jpg 1707w, https:\/\/huescaturismoagro.com\/wp-content\/uploads\/2024\/09\/DSC06724-200x300.jpg 200w, https:\/\/huescaturismoagro.com\/wp-content\/uploads\/2024\/09\/DSC06724-683x1024.jpg 683w, https:\/\/huescaturismoagro.com\/wp-content\/uploads\/2024\/09\/DSC06724-768x1152.jpg 768w, https:\/\/huescaturismoagro.com\/wp-content\/uploads\/2024\/09\/DSC06724-1024x1536.jpg 1024w, https:\/\/huescaturismoagro.com\/wp-content\/uploads\/2024\/09\/DSC06724-1365x2048.jpg 1365w\" sizes=\"(max-width: 1707px) 100vw, 1707px\" \/><\/a><figcaption class=\"wp-element-caption\"><strong>TERNERA DEL PIRINEO<\/strong><\/figcaption><\/figure>\n\n\n\n<figure class=\"wp-block-image size-full has-custom-border is-style-rounded\"><a href=\"https:\/\/huescaturismoagro.com\/index.php\/carniceria-tonet-del-llarc\/\"><img loading=\"lazy\" decoding=\"async\" width=\"2560\" height=\"1920\" data-id=\"210\" src=\"https:\/\/huescaturismoagro.com\/wp-content\/uploads\/2024\/09\/experienciapastoril2-1-scaled.jpg\" alt=\"\" class=\"wp-image-210\" style=\"border-radius:12px\" srcset=\"https:\/\/huescaturismoagro.com\/wp-content\/uploads\/2024\/09\/experienciapastoril2-1-scaled.jpg 2560w, https:\/\/huescaturismoagro.com\/wp-content\/uploads\/2024\/09\/experienciapastoril2-1-300x225.jpg 300w, https:\/\/huescaturismoagro.com\/wp-content\/uploads\/2024\/09\/experienciapastoril2-1-1024x768.jpg 1024w, https:\/\/huescaturismoagro.com\/wp-content\/uploads\/2024\/09\/experienciapastoril2-1-768x576.jpg 768w, https:\/\/huescaturismoagro.com\/wp-content\/uploads\/2024\/09\/experienciapastoril2-1-1536x1152.jpg 1536w, https:\/\/huescaturismoagro.com\/wp-content\/uploads\/2024\/09\/experienciapastoril2-1-2048x1536.jpg 2048w\" sizes=\"(max-width: 2560px) 100vw, 2560px\" \/><\/a><figcaption class=\"wp-element-caption\"><strong>CARNICER\u00cdA TONYET DEL LLARC<\/strong><\/figcaption><\/figure>\n\n\n\n<figure class=\"wp-block-image size-full has-custom-border\"><a href=\"https:\/\/huescaturismoagro.com\/index.php\/valdecina\/\"><img loading=\"lazy\" decoding=\"async\" width=\"1080\" height=\"1080\" data-id=\"140\" src=\"https:\/\/huescaturismoagro.com\/wp-content\/uploads\/2024\/08\/1-1.jpg\" alt=\"\" class=\"wp-image-140\" style=\"border-radius:12px\" srcset=\"https:\/\/huescaturismoagro.com\/wp-content\/uploads\/2024\/08\/1-1.jpg 1080w, https:\/\/huescaturismoagro.com\/wp-content\/uploads\/2024\/08\/1-1-300x300.jpg 300w, https:\/\/huescaturismoagro.com\/wp-content\/uploads\/2024\/08\/1-1-1024x1024.jpg 1024w, https:\/\/huescaturismoagro.com\/wp-content\/uploads\/2024\/08\/1-1-150x150.jpg 150w, https:\/\/huescaturismoagro.com\/wp-content\/uploads\/2024\/08\/1-1-768x768.jpg 768w\" sizes=\"(max-width: 1080px) 100vw, 1080px\" \/><\/a><figcaption class=\"wp-element-caption\"><strong><a href=\"https:\/\/huescaturismoagro.com\/index.php\/valdecina\/\" data-type=\"page\" data-id=\"134\">VALdeCINCA<\/a><\/strong><\/figcaption><\/figure>\n\n\n\n<figure class=\"wp-block-image size-full is-style-rounded\"><a href=\"https:\/\/huescaturismoagro.com\/index.php\/molino-de-olivas-de-bolea\/\"><img loading=\"lazy\" decoding=\"async\" width=\"1707\" height=\"2560\" data-id=\"317\" src=\"https:\/\/huescaturismoagro.com\/wp-content\/uploads\/2024\/10\/BODEGON_02-scaled.jpg\" alt=\"\" class=\"wp-image-317\" srcset=\"https:\/\/huescaturismoagro.com\/wp-content\/uploads\/2024\/10\/BODEGON_02-scaled.jpg 1707w, https:\/\/huescaturismoagro.com\/wp-content\/uploads\/2024\/10\/BODEGON_02-200x300.jpg 200w, https:\/\/huescaturismoagro.com\/wp-content\/uploads\/2024\/10\/BODEGON_02-683x1024.jpg 683w, https:\/\/huescaturismoagro.com\/wp-content\/uploads\/2024\/10\/BODEGON_02-768x1152.jpg 768w, https:\/\/huescaturismoagro.com\/wp-content\/uploads\/2024\/10\/BODEGON_02-1024x1536.jpg 1024w, https:\/\/huescaturismoagro.com\/wp-content\/uploads\/2024\/10\/BODEGON_02-1365x2048.jpg 1365w\" sizes=\"(max-width: 1707px) 100vw, 1707px\" \/><\/a><figcaption class=\"wp-element-caption\"><strong>MOLINO DE OLIVAS DE BOLEA<\/strong><\/figcaption><\/figure>\n\n\n\n<figure class=\"wp-block-image size-full is-style-rounded\"><a href=\"https:\/\/huescaturismoagro.com\/index.php\/aceite-flor-de-sal-y-shio\/\"><img loading=\"lazy\" decoding=\"async\" width=\"566\" height=\"566\" data-id=\"325\" src=\"https:\/\/huescaturismoagro.com\/wp-content\/uploads\/2024\/10\/109691655_1485659331618504_3930151406360857794_n.jpg\" alt=\"\" class=\"wp-image-325\" srcset=\"https:\/\/huescaturismoagro.com\/wp-content\/uploads\/2024\/10\/109691655_1485659331618504_3930151406360857794_n.jpg 566w, https:\/\/huescaturismoagro.com\/wp-content\/uploads\/2024\/10\/109691655_1485659331618504_3930151406360857794_n-300x300.jpg 300w, https:\/\/huescaturismoagro.com\/wp-content\/uploads\/2024\/10\/109691655_1485659331618504_3930151406360857794_n-150x150.jpg 150w\" sizes=\"(max-width: 566px) 100vw, 566px\" \/><\/a><figcaption class=\"wp-element-caption\"><strong>ACEITE FLOR DE SAL &amp; SHIO<\/strong><\/figcaption><\/figure>\n\n\n\n<figure class=\"wp-block-image size-full is-style-rounded\"><a href=\"https:\/\/huescaturismoagro.com\/index.php\/azafran-de-sobrarbe\/\"><img loading=\"lazy\" decoding=\"async\" width=\"2560\" height=\"1440\" data-id=\"353\" src=\"https:\/\/huescaturismoagro.com\/wp-content\/uploads\/2024\/10\/sedazo-1-scaled.jpg\" alt=\"\" class=\"wp-image-353\" srcset=\"https:\/\/huescaturismoagro.com\/wp-content\/uploads\/2024\/10\/sedazo-1-scaled.jpg 2560w, https:\/\/huescaturismoagro.com\/wp-content\/uploads\/2024\/10\/sedazo-1-300x169.jpg 300w, https:\/\/huescaturismoagro.com\/wp-content\/uploads\/2024\/10\/sedazo-1-1024x576.jpg 1024w, https:\/\/huescaturismoagro.com\/wp-content\/uploads\/2024\/10\/sedazo-1-768x432.jpg 768w, https:\/\/huescaturismoagro.com\/wp-content\/uploads\/2024\/10\/sedazo-1-1536x864.jpg 1536w, https:\/\/huescaturismoagro.com\/wp-content\/uploads\/2024\/10\/sedazo-1-2048x1152.jpg 2048w\" sizes=\"(max-width: 2560px) 100vw, 2560px\" \/><\/a><figcaption class=\"wp-element-caption\"><strong>AZAFR\u00c1N DE SOBRARBE<\/strong><\/figcaption><\/figure>\n\n\n\n<figure class=\"wp-block-image size-full is-style-rounded\"><a href=\"https:\/\/huescaturismoagro.com\/index.php\/bodega-el-vino-del-desierto\/\"><img loading=\"lazy\" decoding=\"async\" width=\"2560\" height=\"1920\" data-id=\"363\" src=\"https:\/\/huescaturismoagro.com\/wp-content\/uploads\/2024\/10\/TIERRA-DEL-DESIERTO-1-scaled.jpg\" alt=\"\" class=\"wp-image-363\" srcset=\"https:\/\/huescaturismoagro.com\/wp-content\/uploads\/2024\/10\/TIERRA-DEL-DESIERTO-1-scaled.jpg 2560w, https:\/\/huescaturismoagro.com\/wp-content\/uploads\/2024\/10\/TIERRA-DEL-DESIERTO-1-300x225.jpg 300w, https:\/\/huescaturismoagro.com\/wp-content\/uploads\/2024\/10\/TIERRA-DEL-DESIERTO-1-1024x768.jpg 1024w, https:\/\/huescaturismoagro.com\/wp-content\/uploads\/2024\/10\/TIERRA-DEL-DESIERTO-1-768x576.jpg 768w, https:\/\/huescaturismoagro.com\/wp-content\/uploads\/2024\/10\/TIERRA-DEL-DESIERTO-1-1536x1152.jpg 1536w, https:\/\/huescaturismoagro.com\/wp-content\/uploads\/2024\/10\/TIERRA-DEL-DESIERTO-1-2048x1536.jpg 2048w\" sizes=\"(max-width: 2560px) 100vw, 2560px\" \/><\/a><figcaption class=\"wp-element-caption\"><strong>BODEGA EL VINO DEL DESIERTO<\/strong><\/figcaption><\/figure>\n\n\n\n<figure class=\"wp-block-image size-full is-style-rounded\"><a href=\"https:\/\/huescaturismoagro.com\/index.php\/bolets-la-mandraula\/\"><img loading=\"lazy\" decoding=\"async\" width=\"1600\" height=\"2133\" data-id=\"369\" src=\"https:\/\/huescaturismoagro.com\/wp-content\/uploads\/2024\/10\/IMG_1061.jpg\" alt=\"\" class=\"wp-image-369\" srcset=\"https:\/\/huescaturismoagro.com\/wp-content\/uploads\/2024\/10\/IMG_1061.jpg 1600w, https:\/\/huescaturismoagro.com\/wp-content\/uploads\/2024\/10\/IMG_1061-225x300.jpg 225w, https:\/\/huescaturismoagro.com\/wp-content\/uploads\/2024\/10\/IMG_1061-768x1024.jpg 768w, https:\/\/huescaturismoagro.com\/wp-content\/uploads\/2024\/10\/IMG_1061-1152x1536.jpg 1152w, https:\/\/huescaturismoagro.com\/wp-content\/uploads\/2024\/10\/IMG_1061-1536x2048.jpg 1536w\" sizes=\"(max-width: 1600px) 100vw, 1600px\" \/><\/a><figcaption class=\"wp-element-caption\"><strong>BOLETS LA MANDRAULA<\/strong><\/figcaption><\/figure>\n\n\n\n<figure class=\"wp-block-image size-full is-style-rounded\"><a href=\"https:\/\/huescaturismoagro.com\/index.php\/chocolates-casa-cansero\/\"><img loading=\"lazy\" decoding=\"async\" width=\"2048\" height=\"1365\" data-id=\"390\" src=\"https:\/\/huescaturismoagro.com\/wp-content\/uploads\/2024\/10\/294302023_560462749198317_1671547967889242109_n.jpg\" alt=\"\" class=\"wp-image-390\" srcset=\"https:\/\/huescaturismoagro.com\/wp-content\/uploads\/2024\/10\/294302023_560462749198317_1671547967889242109_n.jpg 2048w, https:\/\/huescaturismoagro.com\/wp-content\/uploads\/2024\/10\/294302023_560462749198317_1671547967889242109_n-300x200.jpg 300w, https:\/\/huescaturismoagro.com\/wp-content\/uploads\/2024\/10\/294302023_560462749198317_1671547967889242109_n-1024x683.jpg 1024w, https:\/\/huescaturismoagro.com\/wp-content\/uploads\/2024\/10\/294302023_560462749198317_1671547967889242109_n-768x512.jpg 768w, https:\/\/huescaturismoagro.com\/wp-content\/uploads\/2024\/10\/294302023_560462749198317_1671547967889242109_n-1536x1024.jpg 1536w\" sizes=\"(max-width: 2048px) 100vw, 2048px\" \/><\/a><figcaption class=\"wp-element-caption\"><strong>CHOCOLATES CASA CANSER\u00d3<\/strong><\/figcaption><\/figure>\n\n\n\n<figure class=\"wp-block-image size-full is-style-rounded\"><a href=\"https:\/\/huescaturismoagro.com\/index.php\/chocolates-la-ofrenda\/\"><img loading=\"lazy\" decoding=\"async\" width=\"2560\" height=\"1707\" data-id=\"401\" src=\"https:\/\/huescaturismoagro.com\/wp-content\/uploads\/2024\/10\/IMG_1289-scaled.jpg\" alt=\"\" class=\"wp-image-401\" srcset=\"https:\/\/huescaturismoagro.com\/wp-content\/uploads\/2024\/10\/IMG_1289-scaled.jpg 2560w, https:\/\/huescaturismoagro.com\/wp-content\/uploads\/2024\/10\/IMG_1289-300x200.jpg 300w, https:\/\/huescaturismoagro.com\/wp-content\/uploads\/2024\/10\/IMG_1289-1024x683.jpg 1024w, https:\/\/huescaturismoagro.com\/wp-content\/uploads\/2024\/10\/IMG_1289-768x512.jpg 768w, https:\/\/huescaturismoagro.com\/wp-content\/uploads\/2024\/10\/IMG_1289-1536x1024.jpg 1536w, https:\/\/huescaturismoagro.com\/wp-content\/uploads\/2024\/10\/IMG_1289-2048x1365.jpg 2048w\" sizes=\"(max-width: 2560px) 100vw, 2560px\" \/><\/a><figcaption class=\"wp-element-caption\"><strong>CHOCOLATES LA OFRENDA<\/strong><\/figcaption><\/figure>\n\n\n\n<figure class=\"wp-block-image size-full is-style-rounded\"><a href=\"https:\/\/huescaturismoagro.com\/index.php\/arilo-fruits\/\"><img loading=\"lazy\" decoding=\"async\" width=\"2560\" height=\"1707\" data-id=\"419\" src=\"https:\/\/huescaturismoagro.com\/wp-content\/uploads\/2024\/10\/D0H9473-1-scaled.jpg\" alt=\"\" class=\"wp-image-419\" srcset=\"https:\/\/huescaturismoagro.com\/wp-content\/uploads\/2024\/10\/D0H9473-1-scaled.jpg 2560w, https:\/\/huescaturismoagro.com\/wp-content\/uploads\/2024\/10\/D0H9473-1-300x200.jpg 300w, https:\/\/huescaturismoagro.com\/wp-content\/uploads\/2024\/10\/D0H9473-1-1024x683.jpg 1024w, https:\/\/huescaturismoagro.com\/wp-content\/uploads\/2024\/10\/D0H9473-1-768x512.jpg 768w, https:\/\/huescaturismoagro.com\/wp-content\/uploads\/2024\/10\/D0H9473-1-1536x1024.jpg 1536w, https:\/\/huescaturismoagro.com\/wp-content\/uploads\/2024\/10\/D0H9473-1-2048x1365.jpg 2048w\" sizes=\"(max-width: 2560px) 100vw, 2560px\" \/><\/a><figcaption class=\"wp-element-caption\"><strong>ARILO FRUITS SL<\/strong><\/figcaption><\/figure>\n\n\n\n<figure class=\"wp-block-image size-full is-style-rounded\"><a href=\"https:\/\/huescaturismoagro.com\/index.php\/edra\/\"><img loading=\"lazy\" decoding=\"async\" width=\"2560\" height=\"1920\" data-id=\"429\" src=\"https:\/\/huescaturismoagro.com\/wp-content\/uploads\/2024\/10\/sala.barricas.edra_.negra_-scaled.jpg\" alt=\"\" class=\"wp-image-429\" srcset=\"https:\/\/huescaturismoagro.com\/wp-content\/uploads\/2024\/10\/sala.barricas.edra_.negra_-scaled.jpg 2560w, https:\/\/huescaturismoagro.com\/wp-content\/uploads\/2024\/10\/sala.barricas.edra_.negra_-300x225.jpg 300w, https:\/\/huescaturismoagro.com\/wp-content\/uploads\/2024\/10\/sala.barricas.edra_.negra_-1024x768.jpg 1024w, https:\/\/huescaturismoagro.com\/wp-content\/uploads\/2024\/10\/sala.barricas.edra_.negra_-768x576.jpg 768w, https:\/\/huescaturismoagro.com\/wp-content\/uploads\/2024\/10\/sala.barricas.edra_.negra_-1536x1152.jpg 1536w, https:\/\/huescaturismoagro.com\/wp-content\/uploads\/2024\/10\/sala.barricas.edra_.negra_-2048x1536.jpg 2048w\" sizes=\"(max-width: 2560px) 100vw, 2560px\" \/><\/a><figcaption class=\"wp-element-caption\"><strong>EDRA BODEGA<\/strong><\/figcaption><\/figure>\n\n\n\n<figure class=\"wp-block-image size-full is-style-rounded\"><a href=\"https:\/\/huescaturismoagro.com\/index.php\/hacienda-agricola-ecostean-sc\/\"><img loading=\"lazy\" decoding=\"async\" width=\"560\" height=\"201\" data-id=\"438\" src=\"https:\/\/huescaturismoagro.com\/wp-content\/uploads\/2024\/10\/Captura.png\" alt=\"\" class=\"wp-image-438\" srcset=\"https:\/\/huescaturismoagro.com\/wp-content\/uploads\/2024\/10\/Captura.png 560w, https:\/\/huescaturismoagro.com\/wp-content\/uploads\/2024\/10\/Captura-300x108.png 300w\" sizes=\"(max-width: 560px) 100vw, 560px\" \/><\/a><figcaption class=\"wp-element-caption\"><strong>ECOSTEAN SC<\/strong><\/figcaption><\/figure>\n\n\n\n<figure class=\"wp-block-image size-full is-style-rounded\"><a href=\"https:\/\/huescaturismoagro.com\/index.php\/queseria-o-xortical\/\"><img loading=\"lazy\" decoding=\"async\" width=\"2560\" height=\"1709\" data-id=\"451\" src=\"https:\/\/huescaturismoagro.com\/wp-content\/uploads\/2024\/10\/OXortical_Bodegon24378ALTA-scaled.jpg\" alt=\"\" class=\"wp-image-451\" srcset=\"https:\/\/huescaturismoagro.com\/wp-content\/uploads\/2024\/10\/OXortical_Bodegon24378ALTA-scaled.jpg 2560w, https:\/\/huescaturismoagro.com\/wp-content\/uploads\/2024\/10\/OXortical_Bodegon24378ALTA-300x200.jpg 300w, https:\/\/huescaturismoagro.com\/wp-content\/uploads\/2024\/10\/OXortical_Bodegon24378ALTA-1024x683.jpg 1024w, https:\/\/huescaturismoagro.com\/wp-content\/uploads\/2024\/10\/OXortical_Bodegon24378ALTA-768x513.jpg 768w, https:\/\/huescaturismoagro.com\/wp-content\/uploads\/2024\/10\/OXortical_Bodegon24378ALTA-1536x1025.jpg 1536w, https:\/\/huescaturismoagro.com\/wp-content\/uploads\/2024\/10\/OXortical_Bodegon24378ALTA-2048x1367.jpg 2048w\" sizes=\"(max-width: 2560px) 100vw, 2560px\" \/><\/a><figcaption class=\"wp-element-caption\"><strong>QUESER\u00cdA O XORTICAL<\/strong><\/figcaption><\/figure>\n\n\n\n<figure class=\"wp-block-image size-full is-style-rounded\"><a href=\"https:\/\/huescaturismoagro.com\/index.php\/julian-mairal\/\"><img loading=\"lazy\" decoding=\"async\" width=\"2341\" height=\"1558\" data-id=\"457\" src=\"https:\/\/huescaturismoagro.com\/wp-content\/uploads\/2024\/10\/DAV2074.jpg\" alt=\"\" class=\"wp-image-457\" srcset=\"https:\/\/huescaturismoagro.com\/wp-content\/uploads\/2024\/10\/DAV2074.jpg 2341w, https:\/\/huescaturismoagro.com\/wp-content\/uploads\/2024\/10\/DAV2074-300x200.jpg 300w, https:\/\/huescaturismoagro.com\/wp-content\/uploads\/2024\/10\/DAV2074-1024x682.jpg 1024w, https:\/\/huescaturismoagro.com\/wp-content\/uploads\/2024\/10\/DAV2074-768x511.jpg 768w, https:\/\/huescaturismoagro.com\/wp-content\/uploads\/2024\/10\/DAV2074-1536x1022.jpg 1536w, https:\/\/huescaturismoagro.com\/wp-content\/uploads\/2024\/10\/DAV2074-2048x1363.jpg 2048w\" sizes=\"(max-width: 2341px) 100vw, 2341px\" \/><\/a><figcaption class=\"wp-element-caption\"><strong>JULI\u00c1N MAIRAL<\/strong><\/figcaption><\/figure>\n\n\n\n<figure class=\"wp-block-image size-full is-style-rounded\"><a href=\"https:\/\/huescaturismoagro.com\/index.php\/eco-fes\/\"><img loading=\"lazy\" decoding=\"async\" width=\"2560\" height=\"1440\" data-id=\"480\" src=\"https:\/\/huescaturismoagro.com\/wp-content\/uploads\/2024\/10\/IMG-20230829-WA0004-1-scaled.jpeg\" alt=\"\" class=\"wp-image-480\" srcset=\"https:\/\/huescaturismoagro.com\/wp-content\/uploads\/2024\/10\/IMG-20230829-WA0004-1-scaled.jpeg 2560w, https:\/\/huescaturismoagro.com\/wp-content\/uploads\/2024\/10\/IMG-20230829-WA0004-1-300x169.jpeg 300w, https:\/\/huescaturismoagro.com\/wp-content\/uploads\/2024\/10\/IMG-20230829-WA0004-1-1024x576.jpeg 1024w, https:\/\/huescaturismoagro.com\/wp-content\/uploads\/2024\/10\/IMG-20230829-WA0004-1-768x432.jpeg 768w, https:\/\/huescaturismoagro.com\/wp-content\/uploads\/2024\/10\/IMG-20230829-WA0004-1-1536x864.jpeg 1536w, https:\/\/huescaturismoagro.com\/wp-content\/uploads\/2024\/10\/IMG-20230829-WA0004-1-2048x1152.jpeg 2048w\" sizes=\"(max-width: 2560px) 100vw, 2560px\" \/><\/a><figcaption class=\"wp-element-caption\"><strong>ECO FES<\/strong><\/figcaption><\/figure>\n\n\n\n<figure class=\"wp-block-image size-full is-style-rounded\"><a href=\"https:\/\/huescaturismoagro.com\/index.php\/aceites-palacio\/\"><img loading=\"lazy\" decoding=\"async\" width=\"1440\" height=\"1800\" data-id=\"505\" src=\"https:\/\/huescaturismoagro.com\/wp-content\/uploads\/2024\/10\/283551777_533227561726810_1795161026901596852_n.jpg\" alt=\"\" class=\"wp-image-505\" srcset=\"https:\/\/huescaturismoagro.com\/wp-content\/uploads\/2024\/10\/283551777_533227561726810_1795161026901596852_n.jpg 1440w, https:\/\/huescaturismoagro.com\/wp-content\/uploads\/2024\/10\/283551777_533227561726810_1795161026901596852_n-240x300.jpg 240w, https:\/\/huescaturismoagro.com\/wp-content\/uploads\/2024\/10\/283551777_533227561726810_1795161026901596852_n-819x1024.jpg 819w, https:\/\/huescaturismoagro.com\/wp-content\/uploads\/2024\/10\/283551777_533227561726810_1795161026901596852_n-768x960.jpg 768w, https:\/\/huescaturismoagro.com\/wp-content\/uploads\/2024\/10\/283551777_533227561726810_1795161026901596852_n-1229x1536.jpg 1229w\" sizes=\"(max-width: 1440px) 100vw, 1440px\" \/><\/a><figcaption class=\"wp-element-caption\"><strong>ACEITES PALACIO<\/strong><\/figcaption><\/figure>\n\n\n\n<figure class=\"wp-block-image size-full is-style-rounded\"><a href=\"https:\/\/huescaturismoagro.com\/index.php\/a-redolada\/\"><img loading=\"lazy\" decoding=\"async\" width=\"787\" height=\"749\" data-id=\"523\" src=\"https:\/\/huescaturismoagro.com\/wp-content\/uploads\/2024\/10\/MG_2499web-e1610896979787.jpg\" alt=\"\" class=\"wp-image-523\" srcset=\"https:\/\/huescaturismoagro.com\/wp-content\/uploads\/2024\/10\/MG_2499web-e1610896979787.jpg 787w, https:\/\/huescaturismoagro.com\/wp-content\/uploads\/2024\/10\/MG_2499web-e1610896979787-300x286.jpg 300w, https:\/\/huescaturismoagro.com\/wp-content\/uploads\/2024\/10\/MG_2499web-e1610896979787-768x731.jpg 768w\" sizes=\"(max-width: 787px) 100vw, 787px\" \/><\/a><figcaption class=\"wp-element-caption\"><strong>A REDOBLADA<\/strong><\/figcaption><\/figure>\n\n\n\n<figure class=\"wp-block-image size-full is-style-rounded\"><a href=\"https:\/\/huescaturismoagro.com\/index.php\/ecologicos-casa-paul\/\"><img loading=\"lazy\" decoding=\"async\" width=\"409\" height=\"563\" data-id=\"540\" src=\"https:\/\/huescaturismoagro.com\/wp-content\/uploads\/2024\/10\/logo1-1.jpg\" alt=\"\" class=\"wp-image-540\" srcset=\"https:\/\/huescaturismoagro.com\/wp-content\/uploads\/2024\/10\/logo1-1.jpg 409w, https:\/\/huescaturismoagro.com\/wp-content\/uploads\/2024\/10\/logo1-1-218x300.jpg 218w\" sizes=\"(max-width: 409px) 100vw, 409px\" \/><\/a><figcaption class=\"wp-element-caption\"><strong>ECOL\u00d3GICOS CASA PAUL<\/strong><\/figcaption><\/figure>\n\n\n\n<figure class=\"wp-block-image size-full is-style-rounded\"><a href=\"https:\/\/huescaturismoagro.com\/index.php\/queso-artesano-la-canabla\/\"><img loading=\"lazy\" decoding=\"async\" width=\"1600\" height=\"1066\" data-id=\"589\" src=\"https:\/\/huescaturismoagro.com\/wp-content\/uploads\/2024\/11\/IMG-20230626-WA0009.jpg\" alt=\"\" class=\"wp-image-589\" srcset=\"https:\/\/huescaturismoagro.com\/wp-content\/uploads\/2024\/11\/IMG-20230626-WA0009.jpg 1600w, https:\/\/huescaturismoagro.com\/wp-content\/uploads\/2024\/11\/IMG-20230626-WA0009-300x200.jpg 300w, https:\/\/huescaturismoagro.com\/wp-content\/uploads\/2024\/11\/IMG-20230626-WA0009-1024x682.jpg 1024w, https:\/\/huescaturismoagro.com\/wp-content\/uploads\/2024\/11\/IMG-20230626-WA0009-768x512.jpg 768w, https:\/\/huescaturismoagro.com\/wp-content\/uploads\/2024\/11\/IMG-20230626-WA0009-1536x1023.jpg 1536w\" sizes=\"(max-width: 1600px) 100vw, 1600px\" \/><\/a><figcaption class=\"wp-element-caption\"><strong>QUESO ARTESANO LA CA\u00d1ABLA<\/strong><\/figcaption><\/figure>\n\n\n\n<figure class=\"wp-block-image size-full is-style-rounded\"><a href=\"https:\/\/huescaturismoagro.com\/index.php\/pate-de-lainsa\/\"><img loading=\"lazy\" decoding=\"async\" width=\"500\" height=\"310\" data-id=\"602\" src=\"https:\/\/huescaturismoagro.com\/wp-content\/uploads\/2024\/11\/8972356941_0f1b342e3f-1.jpg\" alt=\"\" class=\"wp-image-602\" srcset=\"https:\/\/huescaturismoagro.com\/wp-content\/uploads\/2024\/11\/8972356941_0f1b342e3f-1.jpg 500w, https:\/\/huescaturismoagro.com\/wp-content\/uploads\/2024\/11\/8972356941_0f1b342e3f-1-300x186.jpg 300w\" sizes=\"(max-width: 500px) 100vw, 500px\" \/><\/a><figcaption class=\"wp-element-caption\"><strong>PAT\u00c9 DE L`AINSA<\/strong><\/figcaption><\/figure>\n\n\n\n<figure class=\"wp-block-image size-full is-style-rounded\"><a href=\"https:\/\/web.huescalamagia.es\/\"><img loading=\"lazy\" decoding=\"async\" width=\"245\" height=\"239\" data-id=\"592\" src=\"https:\/\/huescaturismoagro.com\/wp-content\/uploads\/2024\/11\/logo.png\" alt=\"\" class=\"wp-image-592\"\/><\/a><figcaption class=\"wp-element-caption\"><strong>VUELVE A HUESCA LA MAGIA<\/strong><\/figcaption><\/figure>\n<\/figure>\n\n\n\n<p><\/p>\n","protected":false},"excerpt":{"rendered":"<p>Saborea la tradici\u00f3n en cada bocado. Nuestra tierra te ofrece una variedad de productos frescos y de calidad, elaborados con pasi\u00f3n y respeto por la tradici\u00f3n. \u00a1Explora nuestras rutas gastron\u00f3micas y vive una experiencia \u00fanica! Descubre a todos nuestros productores:<\/p>\n","protected":false},"author":1,"featured_media":0,"parent":0,"menu_order":0,"comment_status":"closed","ping_status":"open","template":"","meta":{"footnotes":""},"_links":{"self":[{"href":"https:\/\/huescaturismoagro.com\/index.php\/wp-json\/wp\/v2\/pages\/2"}],"collection":[{"href":"https:\/\/huescaturismoagro.com\/index.php\/wp-json\/wp\/v2\/pages"}],"about":[{"href":"https:\/\/huescaturismoagro.com\/index.php\/wp-json\/wp\/v2\/types\/page"}],"author":[{"embeddable":true,"href":"https:\/\/huescaturismoagro.com\/index.php\/wp-json\/wp\/v2\/users\/1"}],"replies":[{"embeddable":true,"href":"https:\/\/huescaturismoagro.com\/index.php\/wp-json\/wp\/v2\/comments?post=2"}],"version-history":[{"count":33,"href":"https:\/\/huescaturismoagro.com\/index.php\/wp-json\/wp\/v2\/pages\/2\/revisions"}],"predecessor-version":[{"id":743,"href":"https:\/\/huescaturismoagro.com\/index.php\/wp-json\/wp\/v2\/pages\/2\/revisions\/743"}],"wp:attachment":[{"href":"https:\/\/huescaturismoagro.com\/index.php\/wp-json\/wp\/v2\/media?parent=2"}],"curies":[{"name":"wp","href":"https:\/\/api.w.org\/{rel}","templated":true}]}}