{"id":416,"date":"2024-10-21T14:05:53","date_gmt":"2024-10-21T12:05:53","guid":{"rendered":"https:\/\/huescaturismoagro.com\/?page_id=416"},"modified":"2024-12-18T13:16:53","modified_gmt":"2024-12-18T12:16:53","slug":"arilo-fruits","status":"publish","type":"page","link":"https:\/\/huescaturismoagro.com\/index.php\/arilo-fruits\/","title":{"rendered":"Arilo Fruits"},"content":{"rendered":"\n<p>La granada o magrana, mengrana o minglana, es un fruto muy conocido en Arag\u00f3n aunque no se suele vincular a nuestra tierra. &nbsp;Nuestros zumos son un producto 100 % producido en Fraga, ciudad en la que se encuentran tanto nuestra finca como nuestro obrador.<\/p>\n\n\n\n<figure class=\"wp-block-embed is-type-video is-provider-youtube wp-block-embed-youtube wp-embed-aspect-16-9 wp-has-aspect-ratio\"><div class=\"wp-block-embed__wrapper\">\n<iframe loading=\"lazy\" title=\"ARILO Fruits Programa Tempero 08112020\" width=\"500\" height=\"281\" src=\"https:\/\/www.youtube.com\/embed\/fTWRG0qECgw?start=51&#038;feature=oembed\" frameborder=\"0\" allow=\"accelerometer; autoplay; clipboard-write; encrypted-media; gyroscope; picture-in-picture; web-share\" referrerpolicy=\"strict-origin-when-cross-origin\" allowfullscreen><\/iframe>\n<\/div><\/figure>\n\n\n\n<p>La granada es un fruto muy apreciado tanto por su sabor como por los beneficios que aporta para la salud, ya que es muy rica en antioxidantes, vitamina C y hierro.<\/p>\n\n\n\n<figure class=\"wp-block-gallery has-nested-images columns-default is-cropped wp-block-gallery-1 is-layout-flex wp-block-gallery-is-layout-flex\">\n<figure data-wp-context=\"{&quot;uploadedSrc&quot;:&quot;https:\\\/\\\/huescaturismoagro.com\\\/wp-content\\\/uploads\\\/2024\\\/10\\\/D0H2135-scaled.jpg&quot;,&quot;figureClassNames&quot;:&quot;wp-block-image size-large&quot;,&quot;figureStyles&quot;:null,&quot;imgClassNames&quot;:&quot;wp-image-420&quot;,&quot;imgStyles&quot;:null,&quot;targetWidth&quot;:2560,&quot;targetHeight&quot;:1707,&quot;scaleAttr&quot;:false,&quot;ariaLabel&quot;:&quot;Ampliar la imagen&quot;,&quot;alt&quot;:&quot;&quot;}\" data-wp-interactive=\"core\/image\" class=\"wp-block-image size-large wp-lightbox-container\"><img loading=\"lazy\" decoding=\"async\" width=\"1024\" height=\"683\" data-wp-init=\"callbacks.setButtonStyles\" data-wp-on--click=\"actions.showLightbox\" data-wp-on--load=\"callbacks.setButtonStyles\" data-wp-on-window--resize=\"callbacks.setButtonStyles\" data-id=\"420\" src=\"https:\/\/huescaturismoagro.com\/wp-content\/uploads\/2024\/10\/D0H2135-1024x683.jpg\" alt=\"\" class=\"wp-image-420\" srcset=\"https:\/\/huescaturismoagro.com\/wp-content\/uploads\/2024\/10\/D0H2135-1024x683.jpg 1024w, https:\/\/huescaturismoagro.com\/wp-content\/uploads\/2024\/10\/D0H2135-300x200.jpg 300w, https:\/\/huescaturismoagro.com\/wp-content\/uploads\/2024\/10\/D0H2135-768x512.jpg 768w, https:\/\/huescaturismoagro.com\/wp-content\/uploads\/2024\/10\/D0H2135-1536x1024.jpg 1536w, https:\/\/huescaturismoagro.com\/wp-content\/uploads\/2024\/10\/D0H2135-2048x1365.jpg 2048w\" sizes=\"(max-width: 1024px) 100vw, 1024px\" \/><button\n\t\t\tclass=\"lightbox-trigger\"\n\t\t\ttype=\"button\"\n\t\t\taria-haspopup=\"dialog\"\n\t\t\taria-label=\"Ampliar la imagen\"\n\t\t\tdata-wp-init=\"callbacks.initTriggerButton\"\n\t\t\tdata-wp-on--click=\"actions.showLightbox\"\n\t\t\tdata-wp-style--right=\"context.imageButtonRight\"\n\t\t\tdata-wp-style--top=\"context.imageButtonTop\"\n\t\t>\n\t\t\t<svg xmlns=\"http:\/\/www.w3.org\/2000\/svg\" width=\"12\" height=\"12\" fill=\"none\" viewBox=\"0 0 12 12\">\n\t\t\t\t<path fill=\"#fff\" d=\"M2 0a2 2 0 0 0-2 2v2h1.5V2a.5.5 0 0 1 .5-.5h2V0H2Zm2 10.5H2a.5.5 0 0 1-.5-.5V8H0v2a2 2 0 0 0 2 2h2v-1.5ZM8 12v-1.5h2a.5.5 0 0 0 .5-.5V8H12v2a2 2 0 0 1-2 2H8Zm2-12a2 2 0 0 1 2 2v2h-1.5V2a.5.5 0 0 0-.5-.5H8V0h2Z\" \/>\n\t\t\t<\/svg>\n\t\t<\/button><\/figure>\n\n\n\n<figure data-wp-context=\"{&quot;uploadedSrc&quot;:&quot;https:\\\/\\\/huescaturismoagro.com\\\/wp-content\\\/uploads\\\/2024\\\/10\\\/D0H2222-scaled.jpg&quot;,&quot;figureClassNames&quot;:&quot;wp-block-image size-large&quot;,&quot;figureStyles&quot;:null,&quot;imgClassNames&quot;:&quot;wp-image-418&quot;,&quot;imgStyles&quot;:null,&quot;targetWidth&quot;:2560,&quot;targetHeight&quot;:1707,&quot;scaleAttr&quot;:false,&quot;ariaLabel&quot;:&quot;Ampliar la imagen&quot;,&quot;alt&quot;:&quot;&quot;}\" data-wp-interactive=\"core\/image\" class=\"wp-block-image size-large wp-lightbox-container\"><img loading=\"lazy\" decoding=\"async\" width=\"1024\" height=\"683\" data-wp-init=\"callbacks.setButtonStyles\" data-wp-on--click=\"actions.showLightbox\" data-wp-on--load=\"callbacks.setButtonStyles\" data-wp-on-window--resize=\"callbacks.setButtonStyles\" data-id=\"418\" src=\"https:\/\/huescaturismoagro.com\/wp-content\/uploads\/2024\/10\/D0H2222-1024x683.jpg\" alt=\"\" class=\"wp-image-418\" srcset=\"https:\/\/huescaturismoagro.com\/wp-content\/uploads\/2024\/10\/D0H2222-1024x683.jpg 1024w, https:\/\/huescaturismoagro.com\/wp-content\/uploads\/2024\/10\/D0H2222-300x200.jpg 300w, https:\/\/huescaturismoagro.com\/wp-content\/uploads\/2024\/10\/D0H2222-768x512.jpg 768w, https:\/\/huescaturismoagro.com\/wp-content\/uploads\/2024\/10\/D0H2222-1536x1024.jpg 1536w, https:\/\/huescaturismoagro.com\/wp-content\/uploads\/2024\/10\/D0H2222-2048x1365.jpg 2048w\" sizes=\"(max-width: 1024px) 100vw, 1024px\" \/><button\n\t\t\tclass=\"lightbox-trigger\"\n\t\t\ttype=\"button\"\n\t\t\taria-haspopup=\"dialog\"\n\t\t\taria-label=\"Ampliar la imagen\"\n\t\t\tdata-wp-init=\"callbacks.initTriggerButton\"\n\t\t\tdata-wp-on--click=\"actions.showLightbox\"\n\t\t\tdata-wp-style--right=\"context.imageButtonRight\"\n\t\t\tdata-wp-style--top=\"context.imageButtonTop\"\n\t\t>\n\t\t\t<svg xmlns=\"http:\/\/www.w3.org\/2000\/svg\" width=\"12\" height=\"12\" fill=\"none\" viewBox=\"0 0 12 12\">\n\t\t\t\t<path fill=\"#fff\" d=\"M2 0a2 2 0 0 0-2 2v2h1.5V2a.5.5 0 0 1 .5-.5h2V0H2Zm2 10.5H2a.5.5 0 0 1-.5-.5V8H0v2a2 2 0 0 0 2 2h2v-1.5ZM8 12v-1.5h2a.5.5 0 0 0 .5-.5V8H12v2a2 2 0 0 1-2 2H8Zm2-12a2 2 0 0 1 2 2v2h-1.5V2a.5.5 0 0 0-.5-.5H8V0h2Z\" \/>\n\t\t\t<\/svg>\n\t\t<\/button><\/figure>\n\n\n\n<figure data-wp-context=\"{&quot;uploadedSrc&quot;:&quot;https:\\\/\\\/huescaturismoagro.com\\\/wp-content\\\/uploads\\\/2024\\\/10\\\/D0H9473-1-scaled.jpg&quot;,&quot;figureClassNames&quot;:&quot;wp-block-image size-large&quot;,&quot;figureStyles&quot;:null,&quot;imgClassNames&quot;:&quot;wp-image-419&quot;,&quot;imgStyles&quot;:null,&quot;targetWidth&quot;:2560,&quot;targetHeight&quot;:1707,&quot;scaleAttr&quot;:false,&quot;ariaLabel&quot;:&quot;Ampliar la imagen&quot;,&quot;alt&quot;:&quot;&quot;}\" data-wp-interactive=\"core\/image\" class=\"wp-block-image size-large wp-lightbox-container\"><img loading=\"lazy\" decoding=\"async\" width=\"1024\" height=\"683\" data-wp-init=\"callbacks.setButtonStyles\" data-wp-on--click=\"actions.showLightbox\" data-wp-on--load=\"callbacks.setButtonStyles\" data-wp-on-window--resize=\"callbacks.setButtonStyles\" data-id=\"419\" src=\"https:\/\/huescaturismoagro.com\/wp-content\/uploads\/2024\/10\/D0H9473-1-1024x683.jpg\" alt=\"\" class=\"wp-image-419\" srcset=\"https:\/\/huescaturismoagro.com\/wp-content\/uploads\/2024\/10\/D0H9473-1-1024x683.jpg 1024w, https:\/\/huescaturismoagro.com\/wp-content\/uploads\/2024\/10\/D0H9473-1-300x200.jpg 300w, https:\/\/huescaturismoagro.com\/wp-content\/uploads\/2024\/10\/D0H9473-1-768x512.jpg 768w, https:\/\/huescaturismoagro.com\/wp-content\/uploads\/2024\/10\/D0H9473-1-1536x1024.jpg 1536w, https:\/\/huescaturismoagro.com\/wp-content\/uploads\/2024\/10\/D0H9473-1-2048x1365.jpg 2048w\" sizes=\"(max-width: 1024px) 100vw, 1024px\" \/><button\n\t\t\tclass=\"lightbox-trigger\"\n\t\t\ttype=\"button\"\n\t\t\taria-haspopup=\"dialog\"\n\t\t\taria-label=\"Ampliar la imagen\"\n\t\t\tdata-wp-init=\"callbacks.initTriggerButton\"\n\t\t\tdata-wp-on--click=\"actions.showLightbox\"\n\t\t\tdata-wp-style--right=\"context.imageButtonRight\"\n\t\t\tdata-wp-style--top=\"context.imageButtonTop\"\n\t\t>\n\t\t\t<svg xmlns=\"http:\/\/www.w3.org\/2000\/svg\" width=\"12\" height=\"12\" fill=\"none\" viewBox=\"0 0 12 12\">\n\t\t\t\t<path fill=\"#fff\" d=\"M2 0a2 2 0 0 0-2 2v2h1.5V2a.5.5 0 0 1 .5-.5h2V0H2Zm2 10.5H2a.5.5 0 0 1-.5-.5V8H0v2a2 2 0 0 0 2 2h2v-1.5ZM8 12v-1.5h2a.5.5 0 0 0 .5-.5V8H12v2a2 2 0 0 1-2 2H8Zm2-12a2 2 0 0 1 2 2v2h-1.5V2a.5.5 0 0 0-.5-.5H8V0h2Z\" \/>\n\t\t\t<\/svg>\n\t\t<\/button><\/figure>\n<\/figure>\n\n\n\n<details class=\"wp-block-details is-style-default has-base-2-background-color has-background is-layout-flow wp-container-core-details-is-layout-1 wp-block-details-is-layout-flow\"><summary>SOBRE NOSOSTROS<\/summary>\n<p>Arilo Fruits es una empresa dedicada a la elaboraci\u00f3n de zumo de granada 100 % natural. Nuestra empresa naci\u00f3 en 2019 para darle aprovechamiento a las granadas \u201cfeas\u201d de la plantaci\u00f3n familiar, por lo que evitamos el desperdicio alimentario y posibilitamos que un s\u00faperfruto de oto\u00f1o como la granada pueda ser consumido durante todo el a\u00f1o. <\/p>\n\n\n\n<p>Todo el proceso se lleva a cabo en Fraga, donde se localizan nuestras fincas y tambi\u00e9n nuestro obrador. Usando las distintas variedades que tenemos ofrecemos dos sabores de zumo de granada 100 % natural.&nbsp; Dado que controlamos todo el proceso desde que el granado es una flor en el \u00e1rbol, hasta la comercializaci\u00f3n de los zumos, podemos garantizar la calidad de nuestros zumos.<\/p>\n<\/details>\n\n\n\n<details class=\"wp-block-details has-base-2-background-color has-background is-layout-flow wp-block-details-is-layout-flow\"><summary>CONTACTO Y REDES SOCIALES<\/summary>\n<ul>\n<li><strong>Web:<\/strong> <a href=\"https:\/\/arilofruits.com\/\" target=\"_blank\" rel=\"noreferrer noopener\">https:\/\/arilofruits.com\/<\/a><\/li>\n\n\n\n<li><strong>Tel\u00e9fono:<\/strong> <a href=\"tel:+24616822361\"><a href=\"tel:+24616822361\">633674376<\/a><\/a><\/li>\n\n\n\n<li><strong>Instagram:<\/strong> <a href=\"https:\/\/www.instagram.com\/arilofruits\/?hl=es\" data-type=\"link\" data-id=\"https:\/\/www.instagram.com\/arilofruits\/?hl=es\" target=\"_blank\" rel=\"noreferrer noopener\">Arilo Fruits SL<\/a><\/li>\n\n\n\n<li><strong>Facebook:<\/strong> <a href=\"https:\/\/www.facebook.com\/p\/Arilo-Fruits-SL-100031468603866\/\" data-type=\"link\" data-id=\"https:\/\/www.facebook.com\/p\/Arilo-Fruits-SL-100031468603866\/\">Arilo Fruits SL<\/a><\/li>\n<\/ul>\n<\/details>\n\n\n\n<p class=\"has-text-align-center\"><strong><a href=\"https:\/\/huescaturismoagro.com\/wp-content\/uploads\/2024\/12\/Folleto-Arilo-Fruits-1.pdf\">Haz click para descargar el folleto digital<\/a><\/strong><\/p>\n","protected":false},"excerpt":{"rendered":"<p>La granada o magrana, mengrana o minglana, es un fruto muy conocido en Arag\u00f3n aunque no se suele vincular a nuestra tierra. &nbsp;Nuestros zumos son un producto 100 % producido en Fraga, ciudad en la que se encuentran tanto nuestra finca como nuestro obrador. La granada es un fruto muy apreciado tanto por su sabor [&hellip;]<\/p>\n","protected":false},"author":1,"featured_media":0,"parent":0,"menu_order":0,"comment_status":"closed","ping_status":"closed","template":"","meta":{"footnotes":""},"_links":{"self":[{"href":"https:\/\/huescaturismoagro.com\/index.php\/wp-json\/wp\/v2\/pages\/416"}],"collection":[{"href":"https:\/\/huescaturismoagro.com\/index.php\/wp-json\/wp\/v2\/pages"}],"about":[{"href":"https:\/\/huescaturismoagro.com\/index.php\/wp-json\/wp\/v2\/types\/page"}],"author":[{"embeddable":true,"href":"https:\/\/huescaturismoagro.com\/index.php\/wp-json\/wp\/v2\/users\/1"}],"replies":[{"embeddable":true,"href":"https:\/\/huescaturismoagro.com\/index.php\/wp-json\/wp\/v2\/comments?post=416"}],"version-history":[{"count":3,"href":"https:\/\/huescaturismoagro.com\/index.php\/wp-json\/wp\/v2\/pages\/416\/revisions"}],"predecessor-version":[{"id":831,"href":"https:\/\/huescaturismoagro.com\/index.php\/wp-json\/wp\/v2\/pages\/416\/revisions\/831"}],"wp:attachment":[{"href":"https:\/\/huescaturismoagro.com\/index.php\/wp-json\/wp\/v2\/media?parent=416"}],"curies":[{"name":"wp","href":"https:\/\/api.w.org\/{rel}","templated":true}]}}