{"id":50,"date":"2024-08-30T14:11:12","date_gmt":"2024-08-30T12:11:12","guid":{"rendered":"https:\/\/huescaturismoagro.com\/?page_id=50"},"modified":"2024-12-18T13:04:30","modified_gmt":"2024-12-18T12:04:30","slug":"ternera-del-pirineo","status":"publish","type":"page","link":"https:\/\/huescaturismoagro.com\/index.php\/ternera-del-pirineo\/","title":{"rendered":"Ternera del Pirineo"},"content":{"rendered":"\n<p>La ternera del Pirineo es un producto de alt\u00edsima calidad, reconocido por su sabor intenso y su carne tierna. Al ser criado en pastos naturales y de forma extensiva, adquiere un sabor \u00fanico y unas propiedades nutricionales excepcionales.<\/p>\n\n\n\n<p>\u00a1Descubre la carne m\u00e1s aut\u00e9ntica, criada en libertad y alimentada con los pastos m\u00e1s frescos!<\/p>\n\n\n\n<figure class=\"wp-block-video\"><video controls src=\"https:\/\/huescaturismoagro.com\/wp-content\/uploads\/2024\/08\/video-Ternera-del-Pirineo.mp4\"><\/video><\/figure>\n\n\n\n<div class=\"wp-block-group has-global-padding is-layout-constrained wp-block-group-is-layout-constrained\">\n<div class=\"wp-block-columns are-vertically-aligned-center is-layout-flex wp-container-core-columns-is-layout-1 wp-block-columns-is-layout-flex\">\n<div class=\"wp-block-column is-vertically-aligned-center is-layout-flow wp-block-column-is-layout-flow\">\n<p>Sum\u00e9rgete en el coraz\u00f3n de los Pirineos y descubre el origen de una carne excepcional.<\/p>\n\n\n\n<p class=\"has-custom-color-1-color has-text-color has-link-color has-large-font-size wp-elements-4550c4f963ae307f0aab85ec79b566f9\"><strong>Visita a las vacas de la ganader\u00eda extensiva de alta monta\u00f1a<\/strong>.<\/p>\n\n\n\n<div class=\"wp-block-media-text is-stacked-on-mobile\" style=\"grid-template-columns:44% auto\"><figure class=\"wp-block-media-text__media\"><img loading=\"lazy\" decoding=\"async\" width=\"1024\" height=\"683\" src=\"https:\/\/huescaturismoagro.com\/wp-content\/uploads\/2024\/08\/IMG_8302-1024x683.jpg\" alt=\"\" class=\"wp-image-101 size-full\" srcset=\"https:\/\/huescaturismoagro.com\/wp-content\/uploads\/2024\/08\/IMG_8302-1024x683.jpg 1024w, https:\/\/huescaturismoagro.com\/wp-content\/uploads\/2024\/08\/IMG_8302-300x200.jpg 300w, https:\/\/huescaturismoagro.com\/wp-content\/uploads\/2024\/08\/IMG_8302-768x512.jpg 768w, https:\/\/huescaturismoagro.com\/wp-content\/uploads\/2024\/08\/IMG_8302-1536x1024.jpg 1536w, https:\/\/huescaturismoagro.com\/wp-content\/uploads\/2024\/08\/IMG_8302-2048x1365.jpg 2048w\" sizes=\"(max-width: 1024px) 100vw, 1024px\" \/><\/figure><div class=\"wp-block-media-text__content\">\n<p><strong>Duraci\u00f3n: <\/strong><em>1h.<\/em><\/p>\n\n\n\n<p><strong>Aforo y grupos:<\/strong> <em>Grupos m\u00e1ximo 10, visitas individuales m\u00e1ximo 10 y m\u00ednimo 3.<\/em><\/p>\n\n\n\n<p><strong>Precio:<\/strong> <em>15\u20ac<\/em><\/p>\n\n\n\n<p><strong>Reserva:<\/strong> <em>formulario, whatsapp, email.<\/em><\/p>\n<\/div><\/div>\n\n\n\n<p><strong>Accesibilidad: <\/strong>A d\u00eda de hoy no existen medios para adaptar el acceso. <\/p>\n\n\n\n<p><strong>Calendario:<\/strong> de mayo a diciembre.<em>   <\/em><\/p>\n<\/div>\n<\/div>\n<\/div>\n\n\n\n<figure class=\"wp-block-gallery has-nested-images columns-default is-cropped wp-block-gallery-1 is-layout-flex wp-block-gallery-is-layout-flex\">\n<figure data-wp-context=\"{&quot;uploadedSrc&quot;:&quot;https:\\\/\\\/huescaturismoagro.com\\\/wp-content\\\/uploads\\\/2024\\\/08\\\/IMG-4-scaled.jpg&quot;,&quot;figureClassNames&quot;:&quot;wp-block-image size-large has-custom-border&quot;,&quot;figureStyles&quot;:null,&quot;imgClassNames&quot;:&quot;wp-image-113&quot;,&quot;imgStyles&quot;:&quot;border-radius:12px&quot;,&quot;targetWidth&quot;:2560,&quot;targetHeight&quot;:1707,&quot;scaleAttr&quot;:false,&quot;ariaLabel&quot;:&quot;Ampliar la imagen&quot;,&quot;alt&quot;:&quot;&quot;}\" data-wp-interactive=\"core\/image\" class=\"wp-block-image size-large has-custom-border wp-lightbox-container\"><img loading=\"lazy\" decoding=\"async\" width=\"1024\" height=\"683\" data-wp-init=\"callbacks.setButtonStyles\" data-wp-on--click=\"actions.showLightbox\" data-wp-on--load=\"callbacks.setButtonStyles\" data-wp-on-window--resize=\"callbacks.setButtonStyles\" data-id=\"113\" src=\"https:\/\/huescaturismoagro.com\/wp-content\/uploads\/2024\/08\/IMG-4-1024x683.jpg\" alt=\"\" class=\"wp-image-113\" style=\"border-radius:12px\" srcset=\"https:\/\/huescaturismoagro.com\/wp-content\/uploads\/2024\/08\/IMG-4-1024x683.jpg 1024w, https:\/\/huescaturismoagro.com\/wp-content\/uploads\/2024\/08\/IMG-4-300x200.jpg 300w, https:\/\/huescaturismoagro.com\/wp-content\/uploads\/2024\/08\/IMG-4-768x512.jpg 768w, https:\/\/huescaturismoagro.com\/wp-content\/uploads\/2024\/08\/IMG-4-1536x1024.jpg 1536w, https:\/\/huescaturismoagro.com\/wp-content\/uploads\/2024\/08\/IMG-4-2048x1365.jpg 2048w\" sizes=\"(max-width: 1024px) 100vw, 1024px\" \/><button\n\t\t\tclass=\"lightbox-trigger\"\n\t\t\ttype=\"button\"\n\t\t\taria-haspopup=\"dialog\"\n\t\t\taria-label=\"Ampliar la imagen\"\n\t\t\tdata-wp-init=\"callbacks.initTriggerButton\"\n\t\t\tdata-wp-on--click=\"actions.showLightbox\"\n\t\t\tdata-wp-style--right=\"context.imageButtonRight\"\n\t\t\tdata-wp-style--top=\"context.imageButtonTop\"\n\t\t>\n\t\t\t<svg xmlns=\"http:\/\/www.w3.org\/2000\/svg\" width=\"12\" height=\"12\" fill=\"none\" viewBox=\"0 0 12 12\">\n\t\t\t\t<path fill=\"#fff\" d=\"M2 0a2 2 0 0 0-2 2v2h1.5V2a.5.5 0 0 1 .5-.5h2V0H2Zm2 10.5H2a.5.5 0 0 1-.5-.5V8H0v2a2 2 0 0 0 2 2h2v-1.5ZM8 12v-1.5h2a.5.5 0 0 0 .5-.5V8H12v2a2 2 0 0 1-2 2H8Zm2-12a2 2 0 0 1 2 2v2h-1.5V2a.5.5 0 0 0-.5-.5H8V0h2Z\" \/>\n\t\t\t<\/svg>\n\t\t<\/button><\/figure>\n\n\n\n<figure data-wp-context=\"{&quot;uploadedSrc&quot;:&quot;https:\\\/\\\/huescaturismoagro.com\\\/wp-content\\\/uploads\\\/2024\\\/08\\\/IMG_8389-scaled.jpg&quot;,&quot;figureClassNames&quot;:&quot;wp-block-image size-large has-custom-border&quot;,&quot;figureStyles&quot;:null,&quot;imgClassNames&quot;:&quot;wp-image-109&quot;,&quot;imgStyles&quot;:&quot;border-radius:12px&quot;,&quot;targetWidth&quot;:2560,&quot;targetHeight&quot;:1707,&quot;scaleAttr&quot;:false,&quot;ariaLabel&quot;:&quot;Ampliar la imagen&quot;,&quot;alt&quot;:&quot;&quot;}\" data-wp-interactive=\"core\/image\" class=\"wp-block-image size-large has-custom-border wp-lightbox-container\"><img loading=\"lazy\" decoding=\"async\" width=\"1024\" height=\"683\" data-wp-init=\"callbacks.setButtonStyles\" data-wp-on--click=\"actions.showLightbox\" data-wp-on--load=\"callbacks.setButtonStyles\" data-wp-on-window--resize=\"callbacks.setButtonStyles\" data-id=\"109\" src=\"https:\/\/huescaturismoagro.com\/wp-content\/uploads\/2024\/08\/IMG_8389-1024x683.jpg\" alt=\"\" class=\"wp-image-109\" style=\"border-radius:12px\" srcset=\"https:\/\/huescaturismoagro.com\/wp-content\/uploads\/2024\/08\/IMG_8389-1024x683.jpg 1024w, https:\/\/huescaturismoagro.com\/wp-content\/uploads\/2024\/08\/IMG_8389-300x200.jpg 300w, https:\/\/huescaturismoagro.com\/wp-content\/uploads\/2024\/08\/IMG_8389-768x512.jpg 768w, https:\/\/huescaturismoagro.com\/wp-content\/uploads\/2024\/08\/IMG_8389-1536x1024.jpg 1536w, https:\/\/huescaturismoagro.com\/wp-content\/uploads\/2024\/08\/IMG_8389-2048x1365.jpg 2048w\" sizes=\"(max-width: 1024px) 100vw, 1024px\" \/><button\n\t\t\tclass=\"lightbox-trigger\"\n\t\t\ttype=\"button\"\n\t\t\taria-haspopup=\"dialog\"\n\t\t\taria-label=\"Ampliar la imagen\"\n\t\t\tdata-wp-init=\"callbacks.initTriggerButton\"\n\t\t\tdata-wp-on--click=\"actions.showLightbox\"\n\t\t\tdata-wp-style--right=\"context.imageButtonRight\"\n\t\t\tdata-wp-style--top=\"context.imageButtonTop\"\n\t\t>\n\t\t\t<svg xmlns=\"http:\/\/www.w3.org\/2000\/svg\" width=\"12\" height=\"12\" fill=\"none\" viewBox=\"0 0 12 12\">\n\t\t\t\t<path fill=\"#fff\" d=\"M2 0a2 2 0 0 0-2 2v2h1.5V2a.5.5 0 0 1 .5-.5h2V0H2Zm2 10.5H2a.5.5 0 0 1-.5-.5V8H0v2a2 2 0 0 0 2 2h2v-1.5ZM8 12v-1.5h2a.5.5 0 0 0 .5-.5V8H12v2a2 2 0 0 1-2 2H8Zm2-12a2 2 0 0 1 2 2v2h-1.5V2a.5.5 0 0 0-.5-.5H8V0h2Z\" \/>\n\t\t\t<\/svg>\n\t\t<\/button><\/figure>\n\n\n\n<figure data-wp-context=\"{&quot;uploadedSrc&quot;:&quot;https:\\\/\\\/huescaturismoagro.com\\\/wp-content\\\/uploads\\\/2024\\\/08\\\/IMG_8230-scaled.jpg&quot;,&quot;figureClassNames&quot;:&quot;wp-block-image size-large has-custom-border&quot;,&quot;figureStyles&quot;:null,&quot;imgClassNames&quot;:&quot;wp-image-98&quot;,&quot;imgStyles&quot;:&quot;border-radius:12px&quot;,&quot;targetWidth&quot;:2560,&quot;targetHeight&quot;:1707,&quot;scaleAttr&quot;:false,&quot;ariaLabel&quot;:&quot;Ampliar la imagen&quot;,&quot;alt&quot;:&quot;&quot;}\" data-wp-interactive=\"core\/image\" class=\"wp-block-image size-large has-custom-border wp-lightbox-container\"><img loading=\"lazy\" decoding=\"async\" width=\"1024\" height=\"683\" data-wp-init=\"callbacks.setButtonStyles\" data-wp-on--click=\"actions.showLightbox\" data-wp-on--load=\"callbacks.setButtonStyles\" data-wp-on-window--resize=\"callbacks.setButtonStyles\" data-id=\"98\" src=\"https:\/\/huescaturismoagro.com\/wp-content\/uploads\/2024\/08\/IMG_8230-1024x683.jpg\" alt=\"\" class=\"wp-image-98\" style=\"border-radius:12px\" srcset=\"https:\/\/huescaturismoagro.com\/wp-content\/uploads\/2024\/08\/IMG_8230-1024x683.jpg 1024w, https:\/\/huescaturismoagro.com\/wp-content\/uploads\/2024\/08\/IMG_8230-300x200.jpg 300w, https:\/\/huescaturismoagro.com\/wp-content\/uploads\/2024\/08\/IMG_8230-768x512.jpg 768w, https:\/\/huescaturismoagro.com\/wp-content\/uploads\/2024\/08\/IMG_8230-1536x1024.jpg 1536w, https:\/\/huescaturismoagro.com\/wp-content\/uploads\/2024\/08\/IMG_8230-2048x1365.jpg 2048w\" sizes=\"(max-width: 1024px) 100vw, 1024px\" \/><button\n\t\t\tclass=\"lightbox-trigger\"\n\t\t\ttype=\"button\"\n\t\t\taria-haspopup=\"dialog\"\n\t\t\taria-label=\"Ampliar la imagen\"\n\t\t\tdata-wp-init=\"callbacks.initTriggerButton\"\n\t\t\tdata-wp-on--click=\"actions.showLightbox\"\n\t\t\tdata-wp-style--right=\"context.imageButtonRight\"\n\t\t\tdata-wp-style--top=\"context.imageButtonTop\"\n\t\t>\n\t\t\t<svg xmlns=\"http:\/\/www.w3.org\/2000\/svg\" width=\"12\" height=\"12\" fill=\"none\" viewBox=\"0 0 12 12\">\n\t\t\t\t<path fill=\"#fff\" d=\"M2 0a2 2 0 0 0-2 2v2h1.5V2a.5.5 0 0 1 .5-.5h2V0H2Zm2 10.5H2a.5.5 0 0 1-.5-.5V8H0v2a2 2 0 0 0 2 2h2v-1.5ZM8 12v-1.5h2a.5.5 0 0 0 .5-.5V8H12v2a2 2 0 0 1-2 2H8Zm2-12a2 2 0 0 1 2 2v2h-1.5V2a.5.5 0 0 0-.5-.5H8V0h2Z\" \/>\n\t\t\t<\/svg>\n\t\t<\/button><\/figure>\n\n\n\n<figure data-wp-context=\"{&quot;uploadedSrc&quot;:&quot;https:\\\/\\\/huescaturismoagro.com\\\/wp-content\\\/uploads\\\/2024\\\/08\\\/DSC06787-scaled.jpg&quot;,&quot;figureClassNames&quot;:&quot;wp-block-image size-large has-custom-border&quot;,&quot;figureStyles&quot;:null,&quot;imgClassNames&quot;:&quot;wp-image-81&quot;,&quot;imgStyles&quot;:&quot;border-radius:12px&quot;,&quot;targetWidth&quot;:2560,&quot;targetHeight&quot;:1707,&quot;scaleAttr&quot;:false,&quot;ariaLabel&quot;:&quot;Ampliar la imagen&quot;,&quot;alt&quot;:&quot;&quot;}\" data-wp-interactive=\"core\/image\" class=\"wp-block-image size-large has-custom-border wp-lightbox-container\"><img loading=\"lazy\" decoding=\"async\" width=\"1024\" height=\"683\" data-wp-init=\"callbacks.setButtonStyles\" data-wp-on--click=\"actions.showLightbox\" data-wp-on--load=\"callbacks.setButtonStyles\" data-wp-on-window--resize=\"callbacks.setButtonStyles\" data-id=\"81\" src=\"https:\/\/huescaturismoagro.com\/wp-content\/uploads\/2024\/08\/DSC06787-1024x683.jpg\" alt=\"\" class=\"wp-image-81\" style=\"border-radius:12px\" srcset=\"https:\/\/huescaturismoagro.com\/wp-content\/uploads\/2024\/08\/DSC06787-1024x683.jpg 1024w, https:\/\/huescaturismoagro.com\/wp-content\/uploads\/2024\/08\/DSC06787-300x200.jpg 300w, https:\/\/huescaturismoagro.com\/wp-content\/uploads\/2024\/08\/DSC06787-768x512.jpg 768w, https:\/\/huescaturismoagro.com\/wp-content\/uploads\/2024\/08\/DSC06787-1536x1024.jpg 1536w, https:\/\/huescaturismoagro.com\/wp-content\/uploads\/2024\/08\/DSC06787-2048x1365.jpg 2048w\" sizes=\"(max-width: 1024px) 100vw, 1024px\" \/><button\n\t\t\tclass=\"lightbox-trigger\"\n\t\t\ttype=\"button\"\n\t\t\taria-haspopup=\"dialog\"\n\t\t\taria-label=\"Ampliar la imagen\"\n\t\t\tdata-wp-init=\"callbacks.initTriggerButton\"\n\t\t\tdata-wp-on--click=\"actions.showLightbox\"\n\t\t\tdata-wp-style--right=\"context.imageButtonRight\"\n\t\t\tdata-wp-style--top=\"context.imageButtonTop\"\n\t\t>\n\t\t\t<svg xmlns=\"http:\/\/www.w3.org\/2000\/svg\" width=\"12\" height=\"12\" fill=\"none\" viewBox=\"0 0 12 12\">\n\t\t\t\t<path fill=\"#fff\" d=\"M2 0a2 2 0 0 0-2 2v2h1.5V2a.5.5 0 0 1 .5-.5h2V0H2Zm2 10.5H2a.5.5 0 0 1-.5-.5V8H0v2a2 2 0 0 0 2 2h2v-1.5ZM8 12v-1.5h2a.5.5 0 0 0 .5-.5V8H12v2a2 2 0 0 1-2 2H8Zm2-12a2 2 0 0 1 2 2v2h-1.5V2a.5.5 0 0 0-.5-.5H8V0h2Z\" \/>\n\t\t\t<\/svg>\n\t\t<\/button><\/figure>\n\n\n\n<figure data-wp-context=\"{&quot;uploadedSrc&quot;:&quot;https:\\\/\\\/huescaturismoagro.com\\\/wp-content\\\/uploads\\\/2024\\\/08\\\/DSC06727-scaled.jpg&quot;,&quot;figureClassNames&quot;:&quot;wp-block-image size-large has-custom-border&quot;,&quot;figureStyles&quot;:null,&quot;imgClassNames&quot;:&quot;wp-image-62&quot;,&quot;imgStyles&quot;:&quot;border-radius:12px&quot;,&quot;targetWidth&quot;:1707,&quot;targetHeight&quot;:2560,&quot;scaleAttr&quot;:false,&quot;ariaLabel&quot;:&quot;Ampliar la imagen&quot;,&quot;alt&quot;:&quot;&quot;}\" data-wp-interactive=\"core\/image\" class=\"wp-block-image size-large has-custom-border wp-lightbox-container\"><img loading=\"lazy\" decoding=\"async\" width=\"683\" height=\"1024\" data-wp-init=\"callbacks.setButtonStyles\" data-wp-on--click=\"actions.showLightbox\" data-wp-on--load=\"callbacks.setButtonStyles\" data-wp-on-window--resize=\"callbacks.setButtonStyles\" data-id=\"62\" src=\"https:\/\/huescaturismoagro.com\/wp-content\/uploads\/2024\/08\/DSC06727-683x1024.jpg\" alt=\"\" class=\"wp-image-62\" style=\"border-radius:12px\" srcset=\"https:\/\/huescaturismoagro.com\/wp-content\/uploads\/2024\/08\/DSC06727-683x1024.jpg 683w, https:\/\/huescaturismoagro.com\/wp-content\/uploads\/2024\/08\/DSC06727-200x300.jpg 200w, https:\/\/huescaturismoagro.com\/wp-content\/uploads\/2024\/08\/DSC06727-768x1152.jpg 768w, https:\/\/huescaturismoagro.com\/wp-content\/uploads\/2024\/08\/DSC06727-1024x1536.jpg 1024w, https:\/\/huescaturismoagro.com\/wp-content\/uploads\/2024\/08\/DSC06727-1365x2048.jpg 1365w, https:\/\/huescaturismoagro.com\/wp-content\/uploads\/2024\/08\/DSC06727-scaled.jpg 1707w\" sizes=\"(max-width: 683px) 100vw, 683px\" \/><button\n\t\t\tclass=\"lightbox-trigger\"\n\t\t\ttype=\"button\"\n\t\t\taria-haspopup=\"dialog\"\n\t\t\taria-label=\"Ampliar la imagen\"\n\t\t\tdata-wp-init=\"callbacks.initTriggerButton\"\n\t\t\tdata-wp-on--click=\"actions.showLightbox\"\n\t\t\tdata-wp-style--right=\"context.imageButtonRight\"\n\t\t\tdata-wp-style--top=\"context.imageButtonTop\"\n\t\t>\n\t\t\t<svg xmlns=\"http:\/\/www.w3.org\/2000\/svg\" width=\"12\" height=\"12\" fill=\"none\" viewBox=\"0 0 12 12\">\n\t\t\t\t<path fill=\"#fff\" d=\"M2 0a2 2 0 0 0-2 2v2h1.5V2a.5.5 0 0 1 .5-.5h2V0H2Zm2 10.5H2a.5.5 0 0 1-.5-.5V8H0v2a2 2 0 0 0 2 2h2v-1.5ZM8 12v-1.5h2a.5.5 0 0 0 .5-.5V8H12v2a2 2 0 0 1-2 2H8Zm2-12a2 2 0 0 1 2 2v2h-1.5V2a.5.5 0 0 0-.5-.5H8V0h2Z\" \/>\n\t\t\t<\/svg>\n\t\t<\/button><\/figure>\n\n\n\n<figure data-wp-context=\"{&quot;uploadedSrc&quot;:&quot;https:\\\/\\\/huescaturismoagro.com\\\/wp-content\\\/uploads\\\/2024\\\/08\\\/DSC06755-scaled.jpg&quot;,&quot;figureClassNames&quot;:&quot;wp-block-image size-large has-custom-border&quot;,&quot;figureStyles&quot;:null,&quot;imgClassNames&quot;:&quot;wp-image-68&quot;,&quot;imgStyles&quot;:&quot;border-radius:12px&quot;,&quot;targetWidth&quot;:1707,&quot;targetHeight&quot;:2560,&quot;scaleAttr&quot;:false,&quot;ariaLabel&quot;:&quot;Ampliar la imagen&quot;,&quot;alt&quot;:&quot;&quot;}\" data-wp-interactive=\"core\/image\" class=\"wp-block-image size-large has-custom-border wp-lightbox-container\"><img loading=\"lazy\" decoding=\"async\" width=\"683\" height=\"1024\" data-wp-init=\"callbacks.setButtonStyles\" data-wp-on--click=\"actions.showLightbox\" data-wp-on--load=\"callbacks.setButtonStyles\" data-wp-on-window--resize=\"callbacks.setButtonStyles\" data-id=\"68\" src=\"https:\/\/huescaturismoagro.com\/wp-content\/uploads\/2024\/08\/DSC06755-683x1024.jpg\" alt=\"\" class=\"wp-image-68\" style=\"border-radius:12px\" srcset=\"https:\/\/huescaturismoagro.com\/wp-content\/uploads\/2024\/08\/DSC06755-683x1024.jpg 683w, https:\/\/huescaturismoagro.com\/wp-content\/uploads\/2024\/08\/DSC06755-200x300.jpg 200w, https:\/\/huescaturismoagro.com\/wp-content\/uploads\/2024\/08\/DSC06755-768x1152.jpg 768w, https:\/\/huescaturismoagro.com\/wp-content\/uploads\/2024\/08\/DSC06755-1024x1536.jpg 1024w, https:\/\/huescaturismoagro.com\/wp-content\/uploads\/2024\/08\/DSC06755-1365x2048.jpg 1365w, https:\/\/huescaturismoagro.com\/wp-content\/uploads\/2024\/08\/DSC06755-scaled.jpg 1707w\" sizes=\"(max-width: 683px) 100vw, 683px\" \/><button\n\t\t\tclass=\"lightbox-trigger\"\n\t\t\ttype=\"button\"\n\t\t\taria-haspopup=\"dialog\"\n\t\t\taria-label=\"Ampliar la imagen\"\n\t\t\tdata-wp-init=\"callbacks.initTriggerButton\"\n\t\t\tdata-wp-on--click=\"actions.showLightbox\"\n\t\t\tdata-wp-style--right=\"context.imageButtonRight\"\n\t\t\tdata-wp-style--top=\"context.imageButtonTop\"\n\t\t>\n\t\t\t<svg xmlns=\"http:\/\/www.w3.org\/2000\/svg\" width=\"12\" height=\"12\" fill=\"none\" viewBox=\"0 0 12 12\">\n\t\t\t\t<path fill=\"#fff\" d=\"M2 0a2 2 0 0 0-2 2v2h1.5V2a.5.5 0 0 1 .5-.5h2V0H2Zm2 10.5H2a.5.5 0 0 1-.5-.5V8H0v2a2 2 0 0 0 2 2h2v-1.5ZM8 12v-1.5h2a.5.5 0 0 0 .5-.5V8H12v2a2 2 0 0 1-2 2H8Zm2-12a2 2 0 0 1 2 2v2h-1.5V2a.5.5 0 0 0-.5-.5H8V0h2Z\" \/>\n\t\t\t<\/svg>\n\t\t<\/button><\/figure>\n\n\n\n<figure data-wp-context=\"{&quot;uploadedSrc&quot;:&quot;https:\\\/\\\/huescaturismoagro.com\\\/wp-content\\\/uploads\\\/2024\\\/08\\\/DSC06839-scaled.jpg&quot;,&quot;figureClassNames&quot;:&quot;wp-block-image size-large has-custom-border&quot;,&quot;figureStyles&quot;:null,&quot;imgClassNames&quot;:&quot;wp-image-90&quot;,&quot;imgStyles&quot;:&quot;border-radius:12px&quot;,&quot;targetWidth&quot;:2560,&quot;targetHeight&quot;:1707,&quot;scaleAttr&quot;:false,&quot;ariaLabel&quot;:&quot;Ampliar la imagen&quot;,&quot;alt&quot;:&quot;&quot;}\" data-wp-interactive=\"core\/image\" class=\"wp-block-image size-large has-custom-border wp-lightbox-container\"><img loading=\"lazy\" decoding=\"async\" width=\"1024\" height=\"683\" data-wp-init=\"callbacks.setButtonStyles\" data-wp-on--click=\"actions.showLightbox\" data-wp-on--load=\"callbacks.setButtonStyles\" data-wp-on-window--resize=\"callbacks.setButtonStyles\" data-id=\"90\" src=\"https:\/\/huescaturismoagro.com\/wp-content\/uploads\/2024\/08\/DSC06839-1024x683.jpg\" alt=\"\" class=\"wp-image-90\" style=\"border-radius:12px\" srcset=\"https:\/\/huescaturismoagro.com\/wp-content\/uploads\/2024\/08\/DSC06839-1024x683.jpg 1024w, https:\/\/huescaturismoagro.com\/wp-content\/uploads\/2024\/08\/DSC06839-300x200.jpg 300w, https:\/\/huescaturismoagro.com\/wp-content\/uploads\/2024\/08\/DSC06839-768x512.jpg 768w, https:\/\/huescaturismoagro.com\/wp-content\/uploads\/2024\/08\/DSC06839-1536x1024.jpg 1536w, https:\/\/huescaturismoagro.com\/wp-content\/uploads\/2024\/08\/DSC06839-2048x1365.jpg 2048w\" sizes=\"(max-width: 1024px) 100vw, 1024px\" \/><button\n\t\t\tclass=\"lightbox-trigger\"\n\t\t\ttype=\"button\"\n\t\t\taria-haspopup=\"dialog\"\n\t\t\taria-label=\"Ampliar la imagen\"\n\t\t\tdata-wp-init=\"callbacks.initTriggerButton\"\n\t\t\tdata-wp-on--click=\"actions.showLightbox\"\n\t\t\tdata-wp-style--right=\"context.imageButtonRight\"\n\t\t\tdata-wp-style--top=\"context.imageButtonTop\"\n\t\t>\n\t\t\t<svg xmlns=\"http:\/\/www.w3.org\/2000\/svg\" width=\"12\" height=\"12\" fill=\"none\" viewBox=\"0 0 12 12\">\n\t\t\t\t<path fill=\"#fff\" d=\"M2 0a2 2 0 0 0-2 2v2h1.5V2a.5.5 0 0 1 .5-.5h2V0H2Zm2 10.5H2a.5.5 0 0 1-.5-.5V8H0v2a2 2 0 0 0 2 2h2v-1.5ZM8 12v-1.5h2a.5.5 0 0 0 .5-.5V8H12v2a2 2 0 0 1-2 2H8Zm2-12a2 2 0 0 1 2 2v2h-1.5V2a.5.5 0 0 0-.5-.5H8V0h2Z\" \/>\n\t\t\t<\/svg>\n\t\t<\/button><\/figure>\n<\/figure>\n\n\n\n<details class=\"wp-block-details is-layout-flow wp-block-details-is-layout-flow\"><summary>SOBRE NOSOSTROS <\/summary>\n<p>Somos los hermanos Pablo y Santiago Lamora, de casa Chir\u00f3n de Villanova, un pueblo del valle de Benasque. Nuestra familia se ha dedicado durante                 generaciones a la ganader\u00eda tradicional de monta\u00f1a y hemos decidido continuar sus pasos.<\/p>\n\n\n\n<p>Hoy en d\u00eda, cuidamos de nuestras vacas junto con Amado y sus hijos, Javi y Gerardo. Los tres son de casa Falisia de Sah\u00fan, amantes de la ganader\u00eda de                   monta\u00f1a y creadores del delicioso queso El Benasqu\u00e9s.<\/p>\n\n\n\n<p>Somos ganaderos porque queremos apoyar una forma respetuosa de producci\u00f3n de alimentos. Con Ternera del Pirineo contribuimos a mantener viva la ganader\u00eda de monta\u00f1a y preservamos una cultura milenaria que respeta la naturaleza y                   la econom\u00eda local.<\/p>\n<\/details>\n\n\n\n<details class=\"wp-block-details has-base-2-background-color has-background is-layout-flow wp-block-details-is-layout-flow\"><summary>CONTACTO Y REDES SOCIALES<\/summary>\n<ul>\n<li><strong>Web:<\/strong> <a href=\"https:\/\/terneradelpirineo.es\/\" target=\"_blank\" rel=\"noreferrer noopener\">https:\/\/terneradelpirineo.es\/<\/a><\/li>\n\n\n\n<li><strong>Tel\u00e9fono:<\/strong> <a href=\"https:\/\/api.whatsapp.com\/send?phone=+34974553281&amp;text=%C2%A1Hola!+Tengo+una+duda+sobre+Ternera+del+Pirineo\">974 55 32 81<\/a> <\/li>\n\n\n\n<li><strong>Instagram:<\/strong> <a href=\"https:\/\/www.instagram.com\/terneradelpirineo\/\" target=\"_blank\" rel=\"noreferrer noopener\">https:\/\/www.instagram.com\/terneradelpirineo\/<\/a><\/li>\n\n\n\n<li><strong>Facebook:<\/strong> <a href=\"https:\/\/www.facebook.com\/terneradelpirineo\" target=\"_blank\" rel=\"noreferrer noopener\">https:\/\/www.facebook.com\/terneradelpirineo<\/a><\/li>\n<\/ul>\n<\/details>\n\n\n\n<p class=\"has-text-align-center\"><strong><a href=\"https:\/\/huescaturismoagro.com\/wp-content\/uploads\/2024\/12\/Ternera-del-Pirineo-1.pdf\" data-type=\"link\" data-id=\"https:\/\/huescaturismoagro.com\/wp-content\/uploads\/2024\/12\/Ternera-del-Pirineo-1.pdf\">Haz click para descargar el folleto digital<\/a><\/strong><\/p>\n","protected":false},"excerpt":{"rendered":"<p>La ternera del Pirineo es un producto de alt\u00edsima calidad, reconocido por su sabor intenso y su carne tierna. Al ser criado en pastos naturales y de forma extensiva, adquiere un sabor \u00fanico y unas propiedades nutricionales excepcionales. \u00a1Descubre la carne m\u00e1s aut\u00e9ntica, criada en libertad y alimentada con los pastos m\u00e1s frescos! Sum\u00e9rgete en [&hellip;]<\/p>\n","protected":false},"author":1,"featured_media":0,"parent":0,"menu_order":0,"comment_status":"closed","ping_status":"closed","template":"","meta":{"footnotes":""},"_links":{"self":[{"href":"https:\/\/huescaturismoagro.com\/index.php\/wp-json\/wp\/v2\/pages\/50"}],"collection":[{"href":"https:\/\/huescaturismoagro.com\/index.php\/wp-json\/wp\/v2\/pages"}],"about":[{"href":"https:\/\/huescaturismoagro.com\/index.php\/wp-json\/wp\/v2\/types\/page"}],"author":[{"embeddable":true,"href":"https:\/\/huescaturismoagro.com\/index.php\/wp-json\/wp\/v2\/users\/1"}],"replies":[{"embeddable":true,"href":"https:\/\/huescaturismoagro.com\/index.php\/wp-json\/wp\/v2\/comments?post=50"}],"version-history":[{"count":15,"href":"https:\/\/huescaturismoagro.com\/index.php\/wp-json\/wp\/v2\/pages\/50\/revisions"}],"predecessor-version":[{"id":813,"href":"https:\/\/huescaturismoagro.com\/index.php\/wp-json\/wp\/v2\/pages\/50\/revisions\/813"}],"wp:attachment":[{"href":"https:\/\/huescaturismoagro.com\/index.php\/wp-json\/wp\/v2\/media?parent=50"}],"curies":[{"name":"wp","href":"https:\/\/api.w.org\/{rel}","templated":true}]}}